{"id":19429,"date":"2022-10-11T10:40:23","date_gmt":"2022-10-11T08:40:23","guid":{"rendered":"https:\/\/guil.es\/lifters\/?page_id=19429"},"modified":"2023-02-10T11:51:55","modified_gmt":"2023-02-10T10:51:55","slug":"elevadores-para-stands-de-feria","status":"publish","type":"page","link":"https:\/\/guil.es\/lifters\/elevadores-para-stands-de-feria\/","title":{"rendered":"Elevadores para STANDS DE FERIA"},"content":{"rendered":"<p>[vc_row king_row_type=\u00bbcontainer_full\u00bb css=\u00bb.vc_custom_1665139779290{padding-top: 50px !important;padding-right: 2% !important;padding-bottom: 50px !important;padding-left: 2% !important;background-color: #eeeeee !important;}\u00bb][vc_column]<div class=\"clearfix margin_top2\"><\/div>[vc_column_text]<\/p>\n<h2>ELEVADORES GUIL \u2013 LA SOLUCI\u00d3N DEFINITIVA PARA EL MONTAJE DE RECINTOS FERIALES<\/h2>\n<p>[\/vc_column_text]<div class=\"clearfix margin_top2\"><\/div>\n\t\t<div class=\"king-elements \">\n\t\t\t<div class=\"king-elements-inner\">\n        \t<a id=\"refrigeracion\"><\/a>\t\t\t<\/div>\n        <\/div>\n\n\t[vc_column_text]<\/p>\n<p style=\"text-align: justify;\">Los stands y casetas de feria son montajes, algunos sencillos, pero otros muy complejos, que generalmente deben entregarse con un cronograma ajustado en un espacio claramente definido. Cada stand est\u00e1 dise\u00f1ado individualmente, por supuesto, y no hay dos id\u00e9nticos. Muchos de ellos requieren de diferentes tipos de elevadores para su construcci\u00f3n y en GUIL os ofrecemos los elevadores indispensables para hacer el montaje del stand m\u00e1s f\u00e1cil, r\u00e1pido y seguro.<\/p>\n<p>[\/vc_column_text][\/vc_column][\/vc_row][vc_row equal_height=\u00bb1&#8243; king_row_type=\u00bbcontainer_full\u00bb][vc_column offset=\u00bbvc_hidden-sm vc_hidden-xs\u00bb][vc_empty_space height=\u00bb0&#8243;][\/vc_column][\/vc_row][vc_row equal_height=\u00bb1&#8243; king_row_type=\u00bbcontainer_full\u00bb css=\u00bb.vc_custom_1664966598161{padding-top: 50px !important;padding-right: 2% !important;padding-bottom: 75px !important;padding-left: 2% !important;}\u00bb][vc_column width=\u00bb3\/4&#8243;][vc_column_text]<\/p>\n<h4><\/h4>\n\t\t\t<style>\r\n                #foogallery-gallery-19428.fg-justified .fg-item {\r\n                    margin-right: 20px;\r\n                    margin-bottom: 20px;\r\n                }\r\n\r\n                #foogallery-gallery-19428.fg-justified .fg-image {\r\n                    height: 230px;\r\n                }\r\n\t\t\t<\/style>\r\n\t\t\t<div class=\"foogallery foogallery-container foogallery-justified foogallery-lightbox-foobox fg-justified fg-light fg-shadow-outline fg-loading-default fg-hover-zoomed fg-hover-fade fg-hover-plus fg-ready\" id=\"foogallery-gallery-19428\" data-foogallery=\"{&quot;item&quot;:{&quot;showCaptionTitle&quot;:false,&quot;showCaptionDescription&quot;:false},&quot;lazy&quot;:false,&quot;src&quot;:&quot;src&quot;,&quot;srcset&quot;:&quot;srcset&quot;,&quot;paging&quot;:{&quot;type&quot;:&quot;dots&quot;,&quot;theme&quot;:&quot;fg-light&quot;,&quot;size&quot;:10,&quot;position&quot;:&quot;bottom&quot;,&quot;scrollToTop&quot;:false,&quot;output&quot;:&quot;&quot;},&quot;template&quot;:{&quot;rowHeight&quot;:230,&quot;maxRowHeight&quot;:250,&quot;margins&quot;:20,&quot;align&quot;:&quot;center&quot;,&quot;lastRow&quot;:&quot;smart&quot;}}\" >\r\n\t<div class=\"fg-item fg-type-image fg-loaded\"><figure class=\"fg-item-inner\"><a href=\"https:\/\/guil.es\/lifters\/wp-content\/uploads\/2022\/10\/elevadores-para-el-montaje-de-stands.jpg\" data-caption-title=\" \" data-caption-desc=\" \" data-attachment-id=\"21287\" class=\"fg-thumb\"><span class=\"fg-image-wrap\"><img src=\"https:\/\/guil.es\/lifters\/wp-content\/uploads\/cache\/2022\/10\/elevadores-para-el-montaje-de-stands\/3468060889.jpg\" alt=\"elevadores-para-el-montaje-de-stands\" title=\"elevadores-para-el-montaje-de-stands\" height=\"250\" width=\"250\" class=\"skip-lazy fg-image\" data-no-lazy=\"1\" loading=\"eager\"><\/span><span class=\"fg-image-overlay\"><\/span><\/a><figcaption class=\"fg-caption\"><div class=\"fg-caption-inner\"><\/div><\/figcaption><\/figure><div class=\"fg-loader\"><\/div><\/div><div class=\"fg-item fg-type-image fg-loaded\"><figure class=\"fg-item-inner\"><a href=\"https:\/\/guil.es\/lifters\/wp-content\/uploads\/2022\/10\/elevador-para-decoracion-ferias.jpg\" data-caption-title=\" \" data-caption-desc=\" \" data-attachment-id=\"21289\" class=\"fg-thumb\"><span class=\"fg-image-wrap\"><img src=\"https:\/\/guil.es\/lifters\/wp-content\/uploads\/cache\/2022\/10\/elevador-para-decoracion-ferias\/510254329.jpg\" alt=\"elevador-para-decoraci\u00f3n-ferias\" title=\"elevador-para-decoraci\u00f3n-ferias\" height=\"250\" width=\"250\" class=\"skip-lazy fg-image\" data-no-lazy=\"1\" loading=\"eager\"><\/span><span class=\"fg-image-overlay\"><\/span><\/a><figcaption class=\"fg-caption\"><div class=\"fg-caption-inner\"><\/div><\/figcaption><\/figure><div class=\"fg-loader\"><\/div><\/div><div class=\"fg-item fg-type-image fg-loaded\"><figure class=\"fg-item-inner\"><a href=\"https:\/\/guil.es\/lifters\/wp-content\/uploads\/2022\/10\/elevacion-de-estructuras-2.jpg\" data-caption-title=\" \" data-caption-desc=\" \" data-attachment-id=\"136410\" class=\"fg-thumb\"><span class=\"fg-image-wrap\"><img src=\"https:\/\/guil.es\/lifters\/wp-content\/uploads\/cache\/2022\/10\/elevacion-de-estructuras-2\/615738053.jpg\" alt=\"elevaci\u00f3n-de-estructuras\" title=\"elevaci\u00f3n-de-estructuras\" height=\"250\" width=\"250\" class=\"skip-lazy fg-image\" data-no-lazy=\"1\" loading=\"eager\"><\/span><span class=\"fg-image-overlay\"><\/span><\/a><figcaption class=\"fg-caption\"><div class=\"fg-caption-inner\"><\/div><\/figcaption><\/figure><div class=\"fg-loader\"><\/div><\/div><div class=\"fg-item fg-type-image fg-loaded\"><figure class=\"fg-item-inner\"><a href=\"https:\/\/guil.es\/lifters\/wp-content\/uploads\/2022\/10\/montaje-de-stands.jpg\" data-caption-title=\" \" data-caption-desc=\" \" data-attachment-id=\"21293\" class=\"fg-thumb\"><span class=\"fg-image-wrap\"><img src=\"https:\/\/guil.es\/lifters\/wp-content\/uploads\/cache\/2022\/10\/montaje-de-stands\/1868406600.jpg\" alt=\"montaje-de-stands\" title=\"montaje-de-stands\" height=\"250\" width=\"250\" class=\"skip-lazy fg-image\" data-no-lazy=\"1\" loading=\"eager\"><\/span><span class=\"fg-image-overlay\"><\/span><\/a><figcaption class=\"fg-caption\"><div class=\"fg-caption-inner\"><\/div><\/figcaption><\/figure><div class=\"fg-loader\"><\/div><\/div><div class=\"fg-item fg-type-image fg-loaded\"><figure class=\"fg-item-inner\"><a href=\"https:\/\/guil.es\/lifters\/wp-content\/uploads\/2022\/10\/torre-para-montaje-de-stands.jpg\" data-caption-title=\" \" data-caption-desc=\" \" data-attachment-id=\"21295\" class=\"fg-thumb\"><span class=\"fg-image-wrap\"><img src=\"https:\/\/guil.es\/lifters\/wp-content\/uploads\/cache\/2022\/10\/torre-para-montaje-de-stands\/2298265907.jpg\" alt=\"torre-para-montaje-de-stands\" title=\"torre-para-montaje-de-stands\" height=\"250\" width=\"250\" class=\"skip-lazy fg-image\" data-no-lazy=\"1\" loading=\"eager\"><\/span><span class=\"fg-image-overlay\"><\/span><\/a><figcaption class=\"fg-caption\"><div class=\"fg-caption-inner\"><\/div><\/figcaption><\/figure><div class=\"fg-loader\"><\/div><\/div><\/div>\r\n\n<p>[\/vc_column_text][\/vc_column][vc_column width=\u00bb1\/4&#8243;][vc_column_text el_class=\u00bblistado_aplicaciones\u00bb css=\u00bb.vc_custom_1676026309219{padding-top: 15px !important;padding-right: 30px !important;padding-left: 30px !important;}\u00bb]<\/p>\n<h3><strong>ELEVADORES PARA STANDS DE FERIA<\/strong><\/h3>\n<p>[\/vc_column_text][vc_separator color=\u00bbcustom\u00bb align=\u00bbalign_left\u00bb border_width=\u00bb4&#8243; el_width=\u00bb40&#8243; accent_color=\u00bb#ff0000&#8243; css=\u00bb.vc_custom_1676017815051{padding-top: 5px !important;padding-bottom: 30px !important;padding-left: 30px !important;}\u00bb][vc_column_text el_class=\u00bblistado_aplicaciones\u00bb css=\u00bb.vc_custom_1665477921542{padding-left: 30px !important;}\u00bb]<\/p>\n<ul style=\"list-style-type: square;\">\n<li>\n<h4 class=\"white caps\" style=\"color: #2a363f; text-transform: none; text-align: left;\">Elevadores para el <b>Montaje de Stands<\/b><\/h4>\n<\/li>\n<li style=\"text-align: left;\">\n<h4 class=\"white caps\" style=\"color: #2a363f; text-transform: none;\">Torres para la <b>Decoraci\u00f3n de Ferias<\/b><\/h4>\n<\/li>\n<li style=\"text-align: left;\">\n<h4 class=\"white caps\" style=\"color: #2a363f; text-transform: none;\">Elevadores para Salones de\u00a0<b>Convenciones y Congresos<\/b><\/h4>\n<\/li>\n<li>\n<h4 class=\"white caps\" style=\"color: #2a363f; text-transform: none; text-align: left;\">Soportes para la elevaci\u00f3n de <b>pantallas de Plasma\/LCD<\/b><\/h4>\n<\/li>\n<\/ul>\n<p>[\/vc_column_text][vc_btn title=\u00bbVer Elevadores\u00bb style=\u00bbgradient-custom\u00bb gradient_custom_color_1=\u00bb#000000&#8243; gradient_custom_color_2=\u00bb#116ebf\u00bb shape=\u00bbsquare\u00bb link=\u00bburl:https%3A%2F%2Fguil.es%2Flifters%2Fcomparativa%2F%3Ffilters%3Dsectores%255B809%255D||target:%20_blank|\u00bb css=\u00bb.vc_custom_1676020121182{margin-left: 50px !important;padding-top: 30px !important;}\u00bb][\/vc_column][\/vc_row][vc_row equal_height=\u00bb1&#8243; king_row_type=\u00bbcontainer_full\u00bb][vc_column offset=\u00bbvc_hidden-sm vc_hidden-xs\u00bb][vc_empty_space height=\u00bb20&#8243;][\/vc_column][\/vc_row][vc_row equal_height=\u00bb1&#8243; king_row_type=\u00bbcontainer_full\u00bb css=\u00bb.vc_custom_1664964229543{background-color: #e5e5e5 !important;}\u00bb][vc_column width=\u00bb1\/2&#8243; css=\u00bb.vc_custom_1665478003676{margin-top: 0px !important;margin-bottom: 0px !important;padding-top: 0px !important;padding-right: 20px !important;padding-bottom: 0px !important;padding-left: 20px !important;background-image: url(https:\/\/guil.es\/lifters\/wp-content\/uploads\/2022\/10\/Stand-4.jpg?id=19438) !important;background-position: center !important;background-repeat: no-repeat !important;background-size: cover !important;}\u00bb offset=\u00bbvc_col-lg-4 vc_col-md-4 vc_hidden-xs\u00bb][vc_empty_space height=\u00bb50px\u00bb][vc_row_inner][vc_column_inner][vc_empty_space height=\u00bb85px\u00bb][vc_column_text el_class=\u00bbtexto_con_fondo\u00bb]<\/p>\n<p style=\"text-align: center;\"><strong>EFICIENCIA Y PRODUCTIVIDAD <\/strong><\/p>\n<p>[\/vc_column_text][vc_empty_space height=\u00bb85px\u00bb][\/vc_column_inner][\/vc_row_inner][vc_empty_space height=\u00bb50px\u00bb][\/vc_column][vc_column width=\u00bb1\/2&#8243; css=\u00bb.vc_custom_1664982741091{padding-top: 50px !important;padding-right: 2% !important;padding-bottom: 50px !important;padding-left: 2% !important;}\u00bb el_class=\u00bbjustify-content-center\u00bb offset=\u00bbvc_col-lg-8 vc_col-md-8 vc_col-xs-12&#8243;][vc_column_text]<\/p>\n<h4><strong>EFICIENCIA Y PRODUCTIVIDAD<\/strong><\/h4>\n<p>[\/vc_column_text][vc_empty_space height=\u00bb25px\u00bb][vc_column_text]<\/p>\n<p style=\"text-align: justify;\">Las ferias no solo deben montarse r\u00e1pidamente, sino que a menudo es necesario trabajar en varios stands en una feria al mismo tiempo. Los elevadores GUIL pueden ayudar en estos montajes, subiendo las estructuras (trusses, paneles, vigas, etc) a la altura y posici\u00f3n necesarias, y manteni\u00e9ndolas en su sitio mientras que los componentes de la estructura del stand se unen entre s\u00ed. Utilizando nuestros elevadores para levantar y sujetar las partes del stand que se van a instalar, conseguir\u00e1 hacer el mismo trabajo en menos tiempo y por lo tanto podr\u00e1 \u00a0montar un mayor n\u00famero de stands, que da como resultado una mayor productividad y eficiencia.<\/p>\n<p>[\/vc_column_text][\/vc_column][\/vc_row][vc_row equal_height=\u00bb1&#8243; king_row_type=\u00bbcontainer_full\u00bb][vc_column width=\u00bb1\/2&#8243; el_class=\u00bbjustify-content-center\u00bb css=\u00bb.vc_custom_1664982754571{padding-top: 50px !important;padding-right: 2% !important;padding-bottom: 50px !important;padding-left: 2% !important;}\u00bb offset=\u00bbvc_col-lg-8 vc_col-md-8 vc_col-xs-12&#8243;][vc_column_text]<\/p>\n<h4><strong>SEGURIDAD Y CALIDAD<\/strong><\/h4>\n<p>[\/vc_column_text][vc_empty_space height=\u00bb25px\u00bb][vc_column_text]<\/p>\n<p style=\"text-align: justify;\">El tiempo limitado disponible para montar un stand de feria, \u00a1o m\u00e1s de uno!, \u00a0significa que no hay tiempo que perder para los instaladores, y cuando el \u00e9nfasis est\u00e1 en la velocidad, la seguridad a veces pasa a un segundo plano. Para GUIL, la seguridad es lo m\u00e1s importante, y nuestros elevadores ayudan a reducir los riesgos en el trabajo, realizando trabajos de elevaci\u00f3n y sujeci\u00f3n en altura que, de otro modo, realizar\u00edan los instaladores manipulando el peso subidos a escaleras. La fiabilidad y la seguridad de los dispositivos de GUIL est\u00e1n garantizadas por elementos como el cabrestante de freno autom\u00e1tico, el freno de emergencia del m\u00e1stil o nuestro sistema de desbloqueo de dise\u00f1o propio.<\/p>\n<p>[\/vc_column_text][\/vc_column][vc_column width=\u00bb1\/2&#8243; css=\u00bb.vc_custom_1665478030220{margin-top: 0px !important;margin-right: 0px !important;margin-bottom: 0px !important;margin-left: 0px !important;padding-top: 0px !important;padding-right: 20px !important;padding-bottom: 0px !important;padding-left: 20px !important;background-image: url(https:\/\/guil.es\/lifters\/wp-content\/uploads\/2022\/10\/Stand-1.jpg?id=19432) !important;background-position: center !important;background-repeat: no-repeat !important;background-size: cover !important;}\u00bb offset=\u00bbvc_col-lg-4 vc_col-md-4 vc_hidden-xs\u00bb][vc_empty_space height=\u00bb50px\u00bb][vc_row_inner][vc_column_inner][vc_empty_space height=\u00bb85px\u00bb][vc_column_text el_class=\u00bbtexto_con_fondo\u00bb]<\/p>\n<p style=\"text-align: center;\"><strong>SEGURIDAD Y CALIDAD<\/strong><\/p>\n<p>[\/vc_column_text][vc_empty_space height=\u00bb85px\u00bb][\/vc_column_inner][\/vc_row_inner][vc_empty_space height=\u00bb50px\u00bb][\/vc_column][\/vc_row][vc_row equal_height=\u00bb1&#8243; king_row_type=\u00bbcontainer_full\u00bb css=\u00bb.vc_custom_1664982228884{background-color: #e5e5e5 !important;}\u00bb][vc_column width=\u00bb1\/2&#8243; css=\u00bb.vc_custom_1665478067487{margin-top: 0px !important;margin-right: 0px !important;margin-bottom: 0px !important;margin-left: 0px !important;padding-top: 0px !important;padding-right: 20px !important;padding-bottom: 0px !important;padding-left: 20px !important;background-image: url(https:\/\/guil.es\/lifters\/wp-content\/uploads\/2022\/10\/Stand-2.jpg?id=19434) !important;background-position: center !important;background-repeat: no-repeat !important;background-size: cover !important;}\u00bb offset=\u00bbvc_col-lg-4 vc_col-md-4 vc_hidden-xs\u00bb][vc_empty_space height=\u00bb50px\u00bb][vc_row_inner][vc_column_inner][vc_empty_space height=\u00bb85px\u00bb][vc_column_text el_class=\u00bbtexto_con_fondo\u00bb]<\/p>\n<p style=\"text-align: center;\"><strong>MODELOS LIGEROS Y COMPACTOS <\/strong><\/p>\n<p>[\/vc_column_text][vc_empty_space height=\u00bb85px\u00bb][\/vc_column_inner][\/vc_row_inner][vc_empty_space height=\u00bb50px\u00bb][\/vc_column][vc_column width=\u00bb1\/2&#8243; el_class=\u00bbjustify-content-center\u00bb css=\u00bb.vc_custom_1664982769763{padding-top: 50px !important;padding-right: 2% !important;padding-bottom: 50px !important;padding-left: 2% !important;}\u00bb offset=\u00bbvc_col-lg-8 vc_col-md-8 vc_col-xs-12&#8243;][vc_column_text]<\/p>\n<h4><strong>MODELOS LIGEROS Y COMPACTOS <\/strong><\/h4>\n<p>[\/vc_column_text][vc_empty_space height=\u00bb25px\u00bb][vc_column_text]<\/p>\n<p style=\"text-align: justify;\">El dise\u00f1o del stand es un proceso creativo, pero el montaje es un negocio pr\u00e1ctico. Los dispositivos de GUIL son compactos y se pueden configurar y utilizar en muchos espacios reducidos donde no se pueden utilizar otras m\u00e1quinas. Esto puede permitir a los dise\u00f1adores proponer dise\u00f1os que incluyan caracter\u00edsticas (funcionales, t\u00e9cnicas o simplemente llamativas) que otros no pueden ofrecer. Con sus reducidas dimensiones (muchos modelos de carga frontal tienen una altura replegada de 1,61 m), nuestros elevadores no ocupar\u00e1n mucho espacio en una furgoneta, pudiendo llevarse en el mismo veh\u00edculo que el material para construir el stand y el resto de herramientas para este trabajo Como tambi\u00e9n son ligeros, se pueden cargar sin dificultad en el veh\u00edculo utilizando las ruedas de transporte suministradas de serie.<\/p>\n<p>[\/vc_column_text][\/vc_column][\/vc_row][vc_row king_row_type=\u00bbcontainer_full\u00bb][vc_column width=\u00bb1\/2&#8243; el_class=\u00bbjustify-content-center\u00bb css=\u00bb.vc_custom_1664982783987{padding-top: 50px !important;padding-right: 2% !important;padding-bottom: 50px !important;padding-left: 2% !important;}\u00bb offset=\u00bbvc_col-lg-8 vc_col-md-8 vc_col-xs-12&#8243;][vc_column_text]<\/p>\n<h4 style=\"text-align: left;\"><strong>AMPLIA GAMA <\/strong><\/h4>\n<p>[\/vc_column_text][vc_empty_space height=\u00bb25px\u00bb][vc_column_text]<\/p>\n<p style=\"text-align: justify;\">El cat\u00e1logo de GUIL contiene m\u00e1s de 30 modelos de elevadores, con versiones capaces de levantar m\u00e1s de 400 kg hasta una altura m\u00e1xima de 8 m. Los montadores de stands suelen tener modelos de nuestras gamas ELC y TORO, para adaptarse a los diferentes trabajos y circunstancias que pueden ser necesarios durante una instalaci\u00f3n. Adem\u00e1s, ambas gamas ofrecen una serie de accesorios diferentes para llevar a cabo una variedad de tareas (adaptadores para trusses, bandejas de carga, \u2026) lo que las convierte en una herramienta esencial y vers\u00e1til en \u201cla caja de herramientas\u201d de cualquier montador de stands.<\/p>\n<p>[\/vc_column_text][\/vc_column][vc_column width=\u00bb1\/2&#8243; css=\u00bb.vc_custom_1665478091175{margin-top: 0px !important;margin-right: 0px !important;margin-bottom: 0px !important;margin-left: 0px !important;padding-top: 0px !important;padding-right: 20px !important;padding-bottom: 0px !important;padding-left: 20px !important;background-image: url(https:\/\/guil.es\/lifters\/wp-content\/uploads\/2022\/10\/Stand-3.jpg?id=19436) !important;background-position: center !important;background-repeat: no-repeat !important;background-size: cover !important;}\u00bb offset=\u00bbvc_col-lg-4 vc_col-md-4 vc_hidden-xs\u00bb][vc_empty_space height=\u00bb50px\u00bb][vc_row_inner][vc_column_inner][vc_empty_space height=\u00bb85px\u00bb][vc_column_text el_class=\u00bbtexto_con_fondo\u00bb]<\/p>\n<p style=\"text-align: center;\"><strong>AMPLIA GAMA <\/strong><\/p>\n<p>[\/vc_column_text][vc_empty_space height=\u00bb85px\u00bb][\/vc_column_inner][\/vc_row_inner][vc_empty_space height=\u00bb50px\u00bb][\/vc_column][\/vc_row]<\/p>\n","protected":false},"excerpt":{"rendered":"<p>[vc_row king_row_type=\u00bbcontainer_full\u00bb css=\u00bb.vc_custom_1665139779290{padding-top: 50px !important;padding-right: 2% !important;padding-bottom: 50px !important;padding-left: 2% !important;background-color: #eeeeee !important;}\u00bb][vc_column][vc_column_text] ELEVADORES GUIL \u2013 LA SOLUCI\u00d3N DEFINITIVA PARA EL MONTAJE DE RECINTOS FERIALES [\/vc_column_text][vc_column_text] Los stands y casetas de feria son montajes, algunos sencillos, pero otros muy complejos, que generalmente deben entregarse con un cronograma ajustado en un espacio claramente definido. Cada stand [&hellip;]<\/p>\n","protected":false},"author":1,"featured_media":0,"parent":0,"menu_order":5,"comment_status":"closed","ping_status":"closed","template":"templates\/page-full.php","meta":[],"yoast_head":"<!-- This site is optimized with the Yoast SEO plugin v19.7.1 - https:\/\/yoast.com\/wordpress\/plugins\/seo\/ -->\n<title>Elevadores para STANDS DE FERIA | GUIL<\/title>\n<meta name=\"description\" content=\"En GUIL os ofrecemos los elevadores indispensables para hacer el montaje del stand m\u00e1s f\u00e1cil, r\u00e1pido y seguro.\" \/>\n<meta name=\"robots\" content=\"index, follow, max-snippet:-1, max-image-preview:large, max-video-preview:-1\" \/>\n<link rel=\"canonical\" href=\"https:\/\/guil.es\/lifters\/elevadores-para-stands-de-feria\/\" \/>\n<meta property=\"og:locale\" content=\"es_ES\" \/>\n<meta property=\"og:type\" content=\"article\" \/>\n<meta property=\"og:title\" content=\"Elevadores para STANDS DE FERIA | GUIL\" \/>\n<meta property=\"og:description\" content=\"En GUIL os ofrecemos los elevadores indispensables para hacer el montaje del stand m\u00e1s f\u00e1cil, r\u00e1pido y seguro.\" \/>\n<meta property=\"og:url\" content=\"https:\/\/guil.es\/lifters\/elevadores-para-stands-de-feria\/\" \/>\n<meta property=\"og:site_name\" content=\"GUIL\" \/>\n<meta property=\"article:publisher\" content=\"https:\/\/www.facebook.com\/GUIL-lifters-1595855663880679\/?ref=br_rs\" \/>\n<meta property=\"article:modified_time\" content=\"2023-02-10T10:51:55+00:00\" \/>\n<meta name=\"twitter:card\" content=\"summary_large_image\" \/>\n<meta name=\"twitter:label1\" content=\"Tiempo de lectura\" \/>\n\t<meta name=\"twitter:data1\" content=\"5 minutos\" \/>\n<!-- \/ Yoast SEO plugin. -->","yoast_head_json":{"title":"Elevadores para STANDS DE FERIA | GUIL","description":"En GUIL os ofrecemos los elevadores indispensables para hacer el montaje del stand m\u00e1s f\u00e1cil, r\u00e1pido y seguro.","robots":{"index":"index","follow":"follow","max-snippet":"max-snippet:-1","max-image-preview":"max-image-preview:large","max-video-preview":"max-video-preview:-1"},"canonical":"https:\/\/guil.es\/lifters\/elevadores-para-stands-de-feria\/","og_locale":"es_ES","og_type":"article","og_title":"Elevadores para STANDS DE FERIA | GUIL","og_description":"En GUIL os ofrecemos los elevadores indispensables para hacer el montaje del stand m\u00e1s f\u00e1cil, r\u00e1pido y seguro.","og_url":"https:\/\/guil.es\/lifters\/elevadores-para-stands-de-feria\/","og_site_name":"GUIL","article_publisher":"https:\/\/www.facebook.com\/GUIL-lifters-1595855663880679\/?ref=br_rs","article_modified_time":"2023-02-10T10:51:55+00:00","twitter_card":"summary_large_image","twitter_misc":{"Tiempo de lectura":"5 minutos"},"schema":{"@context":"https:\/\/schema.org","@graph":[{"@type":"WebPage","@id":"https:\/\/guil.es\/lifters\/elevadores-para-stands-de-feria\/","url":"https:\/\/guil.es\/lifters\/elevadores-para-stands-de-feria\/","name":"Elevadores para STANDS DE FERIA | GUIL","isPartOf":{"@id":"https:\/\/guil.es\/lifters\/#website"},"datePublished":"2022-10-11T08:40:23+00:00","dateModified":"2023-02-10T10:51:55+00:00","description":"En GUIL os ofrecemos los elevadores indispensables para hacer el montaje del stand m\u00e1s f\u00e1cil, r\u00e1pido y seguro.","breadcrumb":{"@id":"https:\/\/guil.es\/lifters\/elevadores-para-stands-de-feria\/#breadcrumb"},"inLanguage":"es","potentialAction":[{"@type":"ReadAction","target":["https:\/\/guil.es\/lifters\/elevadores-para-stands-de-feria\/"]}]},{"@type":"BreadcrumbList","@id":"https:\/\/guil.es\/lifters\/elevadores-para-stands-de-feria\/#breadcrumb","itemListElement":[{"@type":"ListItem","position":1,"name":"Portada","item":"https:\/\/guil.es\/lifters\/"},{"@type":"ListItem","position":2,"name":"Elevadores para STANDS DE FERIA"}]},{"@type":"WebSite","@id":"https:\/\/guil.es\/lifters\/#website","url":"https:\/\/guil.es\/lifters\/","name":"GUIL","description":"Ingenier\u00eda para la industria","publisher":{"@id":"https:\/\/guil.es\/lifters\/#organization"},"potentialAction":[{"@type":"SearchAction","target":{"@type":"EntryPoint","urlTemplate":"https:\/\/guil.es\/lifters\/?s={search_term_string}"},"query-input":"required name=search_term_string"}],"inLanguage":"es"},{"@type":"Organization","@id":"https:\/\/guil.es\/lifters\/#organization","name":"GUIL","url":"https:\/\/guil.es\/lifters\/","sameAs":["https:\/\/www.linkedin.com\/company\/guil-lifters\/","https:\/\/www.youtube.com\/channel\/UCPO_ySVpLlTabFUBnqaL48w\/videos?view_as=subscriber","https:\/\/www.instagram.com\/guil_lifters\/","https:\/\/www.facebook.com\/GUIL-lifters-1595855663880679\/?ref=br_rs"],"logo":{"@type":"ImageObject","inLanguage":"es","@id":"https:\/\/guil.es\/lifters\/#\/schema\/logo\/image\/","url":"https:\/\/new.guil.es\/wp-content\/uploads\/2019\/05\/GUIL-TORO-Negro.jpg","contentUrl":"https:\/\/new.guil.es\/wp-content\/uploads\/2019\/05\/GUIL-TORO-Negro.jpg","width":2056,"height":498,"caption":"GUIL"},"image":{"@id":"https:\/\/guil.es\/lifters\/#\/schema\/logo\/image\/"}}]}},"_links":{"self":[{"href":"https:\/\/guil.es\/lifters\/wp-json\/wp\/v2\/pages\/19429"}],"collection":[{"href":"https:\/\/guil.es\/lifters\/wp-json\/wp\/v2\/pages"}],"about":[{"href":"https:\/\/guil.es\/lifters\/wp-json\/wp\/v2\/types\/page"}],"author":[{"embeddable":true,"href":"https:\/\/guil.es\/lifters\/wp-json\/wp\/v2\/users\/1"}],"replies":[{"embeddable":true,"href":"https:\/\/guil.es\/lifters\/wp-json\/wp\/v2\/comments?post=19429"}],"version-history":[{"count":0,"href":"https:\/\/guil.es\/lifters\/wp-json\/wp\/v2\/pages\/19429\/revisions"}],"wp:attachment":[{"href":"https:\/\/guil.es\/lifters\/wp-json\/wp\/v2\/media?parent=19429"}],"curies":[{"name":"wp","href":"https:\/\/api.w.org\/{rel}","templated":true}]}}