{"id":6973,"date":"2019-05-10T09:34:30","date_gmt":"2019-05-10T07:34:30","guid":{"rendered":"https:\/\/guil-lifters.com\/?page_id=6973"},"modified":"2019-06-07T09:54:58","modified_gmt":"2019-06-07T07:54:58","slug":"trabaja-con-nosotros","status":"publish","type":"page","link":"https:\/\/guil.es\/lifters\/trabaja-con-nosotros\/","title":{"rendered":"Trabaja con nosotros"},"content":{"rendered":"<p>[vc_row king_bg_repeat=\u00bbcenter\u00bb css=\u00bb.vc_custom_1557824226175{background-image: url(https:\/\/guil.es\/lifters\/wp-content\/uploads\/2019\/05\/mapa-formulario-byn_modify_12-4.jpg?id=7130) !important;background-position: center !important;background-repeat: no-repeat !important;background-size: cover !important;}\u00bb king_id=\u00bbbod_contained\u00bb bg_image=\u00bb6998&#8243;][vc_column css=\u00bb.vc_custom_1557391841376{margin-right: 20px !important;}\u00bb]<div class=\"clearfix margin_bottom5\"><\/div><div role=\"form\" class=\"wpcf7\" id=\"wpcf7-f6976-o1\" lang=\"es-ES\" dir=\"ltr\">\n<div class=\"screen-reader-response\"><p role=\"status\" aria-live=\"polite\" aria-atomic=\"true\"><\/p> <ul><\/ul><\/div>\n<form action=\"\/lifters\/wp-json\/wp\/v2\/pages\/6973#wpcf7-f6976-o1\" method=\"post\" class=\"wpcf7-form init\" enctype=\"multipart\/form-data\" novalidate=\"novalidate\" data-status=\"init\">\n<div style=\"display: none;\">\n<input type=\"hidden\" name=\"_wpcf7\" value=\"6976\" \/>\n<input type=\"hidden\" name=\"_wpcf7_version\" value=\"5.6.3\" \/>\n<input type=\"hidden\" name=\"_wpcf7_locale\" value=\"es_ES\" \/>\n<input type=\"hidden\" name=\"_wpcf7_unit_tag\" value=\"wpcf7-f6976-o1\" \/>\n<input type=\"hidden\" name=\"_wpcf7_container_post\" value=\"0\" \/>\n<input type=\"hidden\" name=\"_wpcf7_posted_data_hash\" value=\"\" \/>\n<input type=\"hidden\" name=\"_wpcf7_recaptcha_response\" value=\"\" \/>\n<\/div>\n<p>Nombre*<br \/>\n    <span class=\"wpcf7-form-control-wrap\" data-name=\"your-name\"><input type=\"text\" name=\"your-name\" value=\"\" size=\"40\" class=\"wpcf7-form-control wpcf7-text wpcf7-validates-as-required\" aria-required=\"true\" aria-invalid=\"false\" \/><\/span><\/p>\n<p>Apellidos<br \/>\n    <span class=\"wpcf7-form-control-wrap\" data-name=\"your-apellido\"><input type=\"text\" name=\"your-apellido\" value=\"\" size=\"40\" class=\"wpcf7-form-control wpcf7-text\" aria-invalid=\"false\" \/><\/span><\/p>\n<p> Email*<br \/>\n    <span class=\"wpcf7-form-control-wrap\" data-name=\"your-email\"><input type=\"email\" name=\"your-email\" value=\"\" size=\"40\" class=\"wpcf7-form-control wpcf7-text wpcf7-email wpcf7-validates-as-required wpcf7-validates-as-email\" aria-required=\"true\" aria-invalid=\"false\" \/><\/span> <\/p>\n<p> Tel\u00e9fono*<br \/>\n    <span class=\"wpcf7-form-control-wrap\" data-name=\"your-tel\"><input type=\"tel\" name=\"your-tel\" value=\"\" size=\"40\" class=\"wpcf7-form-control wpcf7-text wpcf7-tel wpcf7-validates-as-required wpcf7-validates-as-tel\" aria-required=\"true\" aria-invalid=\"false\" \/><\/span><\/p>\n<p> Archivo<br \/>\n<span class=\"wpcf7-form-control-wrap\" data-name=\"Archivo\"><input type=\"file\" name=\"Archivo\" size=\"40\" class=\"wpcf7-form-control wpcf7-file\" accept=\"audio\/*,video\/*,image\/*\" aria-invalid=\"false\" \/><\/span><\/p>\n<p>[vc_column width=\"100%\"]<\/p>\n<p>Mensaje*<br \/>\n    <span class=\"wpcf7-form-control-wrap\" data-name=\"your-message\"><textarea name=\"your-message\" cols=\"40\" rows=\"10\" class=\"wpcf7-form-control wpcf7-textarea wpcf7-validates-as-required\" aria-required=\"true\" aria-invalid=\"false\"><\/textarea><\/span><\/p>\n<div style=\"width: 100%;text-align: justify;font-size: 12px; padding-bottom:2%;\" class=\"column \">\n    <small>Informaci\u00f3n b\u00e1sica sobre Protecci\u00f3n de datos | Responsable: GUIL ACCESORIOS DE M\u00daSICA, S.L. | Finalidad: Recursos humanos | Legitimaci\u00f3n: Consentimiento del interesado. Derechos: acceso, rectificaci\u00f3n, supresi\u00f3n, limitaci\u00f3n de tratamiento, u oposici\u00f3n al tratamiento, as\u00ed como el derecho a la portabilidad de los datos | Informaci\u00f3n adicional: Disponible la informaci\u00f3n adicional y detallada sobre la Protecci\u00f3n de Datos Personales en nuestra pol\u00edtica de privacidad <a href=\"https:\/\/guil.es\/lifters\/wp-content\/uploads\/2021\/12\/Politica-privacidad_Diciembre-2021-GUIL.pdf\"><strong><u>pol\u00edtica de privacidad<\/u><\/strong><\/a><\/small><\/div>\n<p><span class=\"wpcf7-form-control-wrap\" data-name=\"AceptoPolitica\"><span class=\"wpcf7-form-control wpcf7-acceptance\"><span class=\"wpcf7-list-item\"><input type=\"checkbox\" name=\"AceptoPolitica\" value=\"1\" aria-invalid=\"false\" \/><\/span><\/span><\/span> He le\u00eddo y acepto la <a target=\"_blank\" href=\"https:\/\/guil.es\/lifters\/wp-content\/uploads\/2021\/12\/Politica-privacidad_Diciembre-2021-GUIL.pdf\">pol\u00edtica de privacidad<\/a>  <span style=\"margin-left: 30%;\">* Campos obligatorios<\/span><\/p>\n\n<div class=\"column one-second\" align=\"right\"><input type=\"submit\" value=\"Enviar consulta\" class=\"wpcf7-form-control has-spinner wpcf7-submit\" \/><\/div>\n<p>[\/vc_column]<\/p>\n<div class=\"wpcf7-response-output\" aria-hidden=\"true\"><\/div><\/form><\/div><div class=\"clearfix margin_bottom5\"><\/div>[\/vc_column][\/vc_row]<\/p>\n","protected":false},"excerpt":{"rendered":"<p>[vc_row king_bg_repeat=\u00bbcenter\u00bb css=\u00bb.vc_custom_1557824226175{background-image: url(https:\/\/guil.es\/lifters\/wp-content\/uploads\/2019\/05\/mapa-formulario-byn_modify_12-4.jpg?id=7130) !important;background-position: center !important;background-repeat: no-repeat !important;background-size: cover !important;}\u00bb king_id=\u00bbbod_contained\u00bb bg_image=\u00bb6998&#8243;][vc_column css=\u00bb.vc_custom_1557391841376{margin-right: 20px !important;}\u00bb][\/vc_column][\/vc_row]<\/p>\n","protected":false},"author":2,"featured_media":0,"parent":0,"menu_order":0,"comment_status":"closed","ping_status":"closed","template":"templates\/page-full.php","meta":[],"yoast_head":"<!-- This site is optimized with the Yoast SEO plugin v19.7.1 - https:\/\/yoast.com\/wordpress\/plugins\/seo\/ -->\n<title>Trabaja con nosotros | GUIL<\/title>\n<meta name=\"robots\" content=\"index, follow, max-snippet:-1, max-image-preview:large, max-video-preview:-1\" \/>\n<link rel=\"canonical\" href=\"https:\/\/guil.es\/lifters\/trabaja-con-nosotros\/\" \/>\n<meta property=\"og:locale\" content=\"es_ES\" \/>\n<meta property=\"og:type\" content=\"article\" \/>\n<meta property=\"og:title\" content=\"Trabaja con nosotros | GUIL\" \/>\n<meta property=\"og:description\" content=\"[vc_row king_bg_repeat=\u00bbcenter\u00bb css=\u00bb.vc_custom_1557824226175{background-image: url(https:\/\/guil.es\/lifters\/wp-content\/uploads\/2019\/05\/mapa-formulario-byn_modify_12-4.jpg?id=7130) !important;background-position: center !important;background-repeat: no-repeat !important;background-size: cover !important;}\u00bb king_id=\u00bbbod_contained\u00bb bg_image=\u00bb6998&#8243;][vc_column css=\u00bb.vc_custom_1557391841376{margin-right: 20px !important;}\u00bb][\/vc_column][\/vc_row]\" \/>\n<meta property=\"og:url\" content=\"https:\/\/guil.es\/lifters\/trabaja-con-nosotros\/\" \/>\n<meta property=\"og:site_name\" content=\"GUIL\" \/>\n<meta property=\"article:publisher\" content=\"https:\/\/www.facebook.com\/GUIL-lifters-1595855663880679\/?ref=br_rs\" \/>\n<meta property=\"article:modified_time\" content=\"2019-06-07T07:54:58+00:00\" \/>\n<meta name=\"twitter:card\" content=\"summary_large_image\" \/>\n<!-- \/ Yoast SEO plugin. -->","yoast_head_json":{"title":"Trabaja con nosotros | GUIL","robots":{"index":"index","follow":"follow","max-snippet":"max-snippet:-1","max-image-preview":"max-image-preview:large","max-video-preview":"max-video-preview:-1"},"canonical":"https:\/\/guil.es\/lifters\/trabaja-con-nosotros\/","og_locale":"es_ES","og_type":"article","og_title":"Trabaja con nosotros | GUIL","og_description":"[vc_row king_bg_repeat=\u00bbcenter\u00bb css=\u00bb.vc_custom_1557824226175{background-image: url(https:\/\/guil.es\/lifters\/wp-content\/uploads\/2019\/05\/mapa-formulario-byn_modify_12-4.jpg?id=7130) !important;background-position: center !important;background-repeat: no-repeat !important;background-size: cover !important;}\u00bb king_id=\u00bbbod_contained\u00bb bg_image=\u00bb6998&#8243;][vc_column css=\u00bb.vc_custom_1557391841376{margin-right: 20px !important;}\u00bb][\/vc_column][\/vc_row]","og_url":"https:\/\/guil.es\/lifters\/trabaja-con-nosotros\/","og_site_name":"GUIL","article_publisher":"https:\/\/www.facebook.com\/GUIL-lifters-1595855663880679\/?ref=br_rs","article_modified_time":"2019-06-07T07:54:58+00:00","twitter_card":"summary_large_image","schema":{"@context":"https:\/\/schema.org","@graph":[{"@type":"WebPage","@id":"https:\/\/guil.es\/lifters\/trabaja-con-nosotros\/","url":"https:\/\/guil.es\/lifters\/trabaja-con-nosotros\/","name":"Trabaja con nosotros | GUIL","isPartOf":{"@id":"https:\/\/guil.es\/lifters\/#website"},"datePublished":"2019-05-10T07:34:30+00:00","dateModified":"2019-06-07T07:54:58+00:00","breadcrumb":{"@id":"https:\/\/guil.es\/lifters\/trabaja-con-nosotros\/#breadcrumb"},"inLanguage":"es","potentialAction":[{"@type":"ReadAction","target":["https:\/\/guil.es\/lifters\/trabaja-con-nosotros\/"]}]},{"@type":"BreadcrumbList","@id":"https:\/\/guil.es\/lifters\/trabaja-con-nosotros\/#breadcrumb","itemListElement":[{"@type":"ListItem","position":1,"name":"Portada","item":"https:\/\/guil.es\/lifters\/"},{"@type":"ListItem","position":2,"name":"Trabaja con nosotros"}]},{"@type":"WebSite","@id":"https:\/\/guil.es\/lifters\/#website","url":"https:\/\/guil.es\/lifters\/","name":"GUIL","description":"Ingenier\u00eda para la industria","publisher":{"@id":"https:\/\/guil.es\/lifters\/#organization"},"potentialAction":[{"@type":"SearchAction","target":{"@type":"EntryPoint","urlTemplate":"https:\/\/guil.es\/lifters\/?s={search_term_string}"},"query-input":"required name=search_term_string"}],"inLanguage":"es"},{"@type":"Organization","@id":"https:\/\/guil.es\/lifters\/#organization","name":"GUIL","url":"https:\/\/guil.es\/lifters\/","sameAs":["https:\/\/www.linkedin.com\/company\/guil-lifters\/","https:\/\/www.youtube.com\/channel\/UCPO_ySVpLlTabFUBnqaL48w\/videos?view_as=subscriber","https:\/\/www.instagram.com\/guil_lifters\/","https:\/\/www.facebook.com\/GUIL-lifters-1595855663880679\/?ref=br_rs"],"logo":{"@type":"ImageObject","inLanguage":"es","@id":"https:\/\/guil.es\/lifters\/#\/schema\/logo\/image\/","url":"https:\/\/new.guil.es\/wp-content\/uploads\/2019\/05\/GUIL-TORO-Negro.jpg","contentUrl":"https:\/\/new.guil.es\/wp-content\/uploads\/2019\/05\/GUIL-TORO-Negro.jpg","width":2056,"height":498,"caption":"GUIL"},"image":{"@id":"https:\/\/guil.es\/lifters\/#\/schema\/logo\/image\/"}}]}},"_links":{"self":[{"href":"https:\/\/guil.es\/lifters\/wp-json\/wp\/v2\/pages\/6973"}],"collection":[{"href":"https:\/\/guil.es\/lifters\/wp-json\/wp\/v2\/pages"}],"about":[{"href":"https:\/\/guil.es\/lifters\/wp-json\/wp\/v2\/types\/page"}],"author":[{"embeddable":true,"href":"https:\/\/guil.es\/lifters\/wp-json\/wp\/v2\/users\/2"}],"replies":[{"embeddable":true,"href":"https:\/\/guil.es\/lifters\/wp-json\/wp\/v2\/comments?post=6973"}],"version-history":[{"count":0,"href":"https:\/\/guil.es\/lifters\/wp-json\/wp\/v2\/pages\/6973\/revisions"}],"wp:attachment":[{"href":"https:\/\/guil.es\/lifters\/wp-json\/wp\/v2\/media?parent=6973"}],"curies":[{"name":"wp","href":"https:\/\/api.w.org\/{rel}","templated":true}]}}