{"id":10783,"date":"2021-02-11T10:14:40","date_gmt":"2021-02-11T09:14:40","guid":{"rendered":"https:\/\/guil-lifters.com\/?post_type=product&#038;p=10783"},"modified":"2024-04-04T16:56:19","modified_gmt":"2024-04-04T14:56:19","slug":"ruedas-para-torres-elevadoras-ref-r2-710","status":"publish","type":"product","link":"https:\/\/guil.es\/lifters\/producto\/ruedas-para-torres-elevadoras-ref-r2-710\/","title":{"rendered":"Ruedas para Elevadores de Carga Ref. ELC-710"},"content":{"rendered":"<p>[vc_row][vc_column][\/vc_column][\/vc_row]<\/p>\n","protected":false},"excerpt":{"rendered":"<p>Juego de 3 adaptadores con ruedas para facilitar el uso y transporte de la torre\u00a0<a href=\"https:\/\/guil.es\/lifters\/producto\/elevador-de-carga-elc-710\/\">ELC-710.<\/a><\/p>\n<p>Cada adaptador tiene 2 ruedas dobles giratorias (1 con freno).\u00a0 Peso neto: 2.52 Kg (0.84 kg\/unidad)<\/p>\n<p>Colocando el Adaptador para Torres Elevadoras Ref. R2-710,\u00a0 el transporte de la misma se hace mucho m\u00e1s sencillo.<\/p>\n<p>Adem\u00e1s, la colocaci\u00f3n del mismo es muy sencilla y se hace muy r\u00e1pidamente.<\/p>\n<p>El adaptador R2-710 est\u00e1 fabricado en acero con acabado en pintura (EPOXI) antirrayadura.<\/p>\n<p>&nbsp;<\/p>\n<p style=\"text-align: center;\"><iframe src=\"\/\/www.youtube.com\/embed\/P93wzb5v8X8?list=PLaEnWuMb37rBcN-lLOKCtVF3vtWpEepfp\" width=\"500\" height=\"280\" allowfullscreen=\"allowfullscreen\"><\/iframe><\/p>\n","protected":false},"featured_media":23817,"template":"","meta":[],"product_cat":[204,441],"product_tag":[],"yoast_head":"<!-- This site is optimized with the Yoast SEO plugin v19.7.1 - https:\/\/yoast.com\/wordpress\/plugins\/seo\/ -->\n<title>Ruedas para Elevadores Ref. ELC-710 - Ref. R2-710 | GUIL<\/title>\n<meta name=\"description\" content=\"Adaptador para Torres Elevadoras Ref. R2-710. Adaptador con ruedas para Torres elevadoras de carga frontal. Adaptador para Torres Elevadoras Ref. R2-710\" \/>\n<meta name=\"robots\" content=\"index, follow, max-snippet:-1, max-image-preview:large, max-video-preview:-1\" \/>\n<link rel=\"canonical\" href=\"https:\/\/guil.es\/lifters\/producto\/ruedas-para-torres-elevadoras-ref-r2-710\/\" \/>\n<meta property=\"og:locale\" content=\"es_ES\" \/>\n<meta property=\"og:type\" content=\"article\" \/>\n<meta property=\"og:title\" content=\"Ruedas para Elevadores Ref. ELC-710 - Ref. R2-710 | GUIL\" \/>\n<meta property=\"og:description\" content=\"Adaptador para Torres Elevadoras Ref. R2-710. Adaptador con ruedas para Torres elevadoras de carga frontal. Adaptador para Torres Elevadoras Ref. R2-710\" \/>\n<meta property=\"og:url\" content=\"https:\/\/guil.es\/lifters\/producto\/ruedas-para-torres-elevadoras-ref-r2-710\/\" \/>\n<meta property=\"og:site_name\" content=\"GUIL\" \/>\n<meta property=\"article:publisher\" content=\"https:\/\/www.facebook.com\/GUIL-lifters-1595855663880679\/?ref=br_rs\" \/>\n<meta property=\"article:modified_time\" content=\"2024-04-04T14:56:19+00:00\" \/>\n<meta property=\"og:image\" content=\"https:\/\/guil.es\/lifters\/wp-content\/uploads\/2021\/02\/Adaptador-Ruedas-R2-710-1.jpg\" \/>\n\t<meta property=\"og:image:width\" content=\"300\" \/>\n\t<meta property=\"og:image:height\" content=\"300\" \/>\n\t<meta property=\"og:image:type\" content=\"image\/jpeg\" \/>\n<meta name=\"twitter:card\" content=\"summary_large_image\" \/>\n<meta name=\"twitter:label1\" content=\"Tiempo de lectura\" \/>\n\t<meta name=\"twitter:data1\" content=\"1 minuto\" \/>\n<!-- \/ Yoast SEO plugin. -->","yoast_head_json":{"title":"Ruedas para Elevadores Ref. ELC-710 - Ref. R2-710 | GUIL","description":"Adaptador para Torres Elevadoras Ref. R2-710. Adaptador con ruedas para Torres elevadoras de carga frontal. Adaptador para Torres Elevadoras Ref. R2-710","robots":{"index":"index","follow":"follow","max-snippet":"max-snippet:-1","max-image-preview":"max-image-preview:large","max-video-preview":"max-video-preview:-1"},"canonical":"https:\/\/guil.es\/lifters\/producto\/ruedas-para-torres-elevadoras-ref-r2-710\/","og_locale":"es_ES","og_type":"article","og_title":"Ruedas para Elevadores Ref. ELC-710 - Ref. R2-710 | GUIL","og_description":"Adaptador para Torres Elevadoras Ref. R2-710. Adaptador con ruedas para Torres elevadoras de carga frontal. Adaptador para Torres Elevadoras Ref. R2-710","og_url":"https:\/\/guil.es\/lifters\/producto\/ruedas-para-torres-elevadoras-ref-r2-710\/","og_site_name":"GUIL","article_publisher":"https:\/\/www.facebook.com\/GUIL-lifters-1595855663880679\/?ref=br_rs","article_modified_time":"2024-04-04T14:56:19+00:00","og_image":[{"width":300,"height":300,"url":"https:\/\/guil.es\/lifters\/wp-content\/uploads\/2021\/02\/Adaptador-Ruedas-R2-710-1.jpg","type":"image\/jpeg"}],"twitter_card":"summary_large_image","twitter_misc":{"Tiempo de lectura":"1 minuto"},"schema":{"@context":"https:\/\/schema.org","@graph":[{"@type":"WebPage","@id":"https:\/\/guil.es\/lifters\/producto\/ruedas-para-torres-elevadoras-ref-r2-710\/","url":"https:\/\/guil.es\/lifters\/producto\/ruedas-para-torres-elevadoras-ref-r2-710\/","name":"Ruedas para Elevadores Ref. ELC-710 - Ref. R2-710 | GUIL","isPartOf":{"@id":"https:\/\/guil.es\/lifters\/#website"},"datePublished":"2021-02-11T09:14:40+00:00","dateModified":"2024-04-04T14:56:19+00:00","description":"Adaptador para Torres Elevadoras Ref. R2-710. Adaptador con ruedas para Torres elevadoras de carga frontal. Adaptador para Torres Elevadoras Ref. R2-710","breadcrumb":{"@id":"https:\/\/guil.es\/lifters\/producto\/ruedas-para-torres-elevadoras-ref-r2-710\/#breadcrumb"},"inLanguage":"es","potentialAction":[{"@type":"ReadAction","target":["https:\/\/guil.es\/lifters\/producto\/ruedas-para-torres-elevadoras-ref-r2-710\/"]}]},{"@type":"BreadcrumbList","@id":"https:\/\/guil.es\/lifters\/producto\/ruedas-para-torres-elevadoras-ref-r2-710\/#breadcrumb","itemListElement":[{"@type":"ListItem","position":1,"name":"Portada","item":"https:\/\/guil.es\/lifters\/"},{"@type":"ListItem","position":2,"name":"Comparativa","item":"https:\/\/guil.es\/lifters\/comparativa\/"},{"@type":"ListItem","position":3,"name":"Ruedas para Elevadores de Carga Ref. ELC-710"}]},{"@type":"WebSite","@id":"https:\/\/guil.es\/lifters\/#website","url":"https:\/\/guil.es\/lifters\/","name":"GUIL","description":"Ingenier\u00eda para la industria","publisher":{"@id":"https:\/\/guil.es\/lifters\/#organization"},"potentialAction":[{"@type":"SearchAction","target":{"@type":"EntryPoint","urlTemplate":"https:\/\/guil.es\/lifters\/?s={search_term_string}"},"query-input":"required name=search_term_string"}],"inLanguage":"es"},{"@type":"Organization","@id":"https:\/\/guil.es\/lifters\/#organization","name":"GUIL","url":"https:\/\/guil.es\/lifters\/","sameAs":["https:\/\/www.linkedin.com\/company\/guil-lifters\/","https:\/\/www.youtube.com\/channel\/UCPO_ySVpLlTabFUBnqaL48w\/videos?view_as=subscriber","https:\/\/www.instagram.com\/guil_lifters\/","https:\/\/www.facebook.com\/GUIL-lifters-1595855663880679\/?ref=br_rs"],"logo":{"@type":"ImageObject","inLanguage":"es","@id":"https:\/\/guil.es\/lifters\/#\/schema\/logo\/image\/","url":"https:\/\/new.guil.es\/wp-content\/uploads\/2019\/05\/GUIL-TORO-Negro.jpg","contentUrl":"https:\/\/new.guil.es\/wp-content\/uploads\/2019\/05\/GUIL-TORO-Negro.jpg","width":2056,"height":498,"caption":"GUIL"},"image":{"@id":"https:\/\/guil.es\/lifters\/#\/schema\/logo\/image\/"}}]}},"_links":{"self":[{"href":"https:\/\/guil.es\/lifters\/wp-json\/wp\/v2\/product\/10783"}],"collection":[{"href":"https:\/\/guil.es\/lifters\/wp-json\/wp\/v2\/product"}],"about":[{"href":"https:\/\/guil.es\/lifters\/wp-json\/wp\/v2\/types\/product"}],"version-history":[{"count":7,"href":"https:\/\/guil.es\/lifters\/wp-json\/wp\/v2\/product\/10783\/revisions"}],"predecessor-version":[{"id":74863,"href":"https:\/\/guil.es\/lifters\/wp-json\/wp\/v2\/product\/10783\/revisions\/74863"}],"wp:featuredmedia":[{"embeddable":true,"href":"https:\/\/guil.es\/lifters\/wp-json\/wp\/v2\/media\/23817"}],"wp:attachment":[{"href":"https:\/\/guil.es\/lifters\/wp-json\/wp\/v2\/media?parent=10783"}],"wp:term":[{"taxonomy":"product_cat","embeddable":true,"href":"https:\/\/guil.es\/lifters\/wp-json\/wp\/v2\/product_cat?post=10783"},{"taxonomy":"product_tag","embeddable":true,"href":"https:\/\/guil.es\/lifters\/wp-json\/wp\/v2\/product_tag?post=10783"}],"curies":[{"name":"wp","href":"https:\/\/api.w.org\/{rel}","templated":true}]}}