{"id":137337,"date":"2025-01-20T12:51:06","date_gmt":"2025-01-20T11:51:06","guid":{"rendered":"https:\/\/guil.es\/lifters\/?post_type=product&#038;p=137337"},"modified":"2025-01-27T11:20:04","modified_gmt":"2025-01-27T10:20:04","slug":"adaptador-articulado-para-la-instalacion-de-vidrio-ref-act-11","status":"publish","type":"product","link":"https:\/\/guil.es\/lifters\/producto\/adaptador-articulado-para-la-instalacion-de-vidrio-ref-act-11\/","title":{"rendered":"Adaptador articulado para la<br>instalaci\u00f3n de vidrio"},"content":{"rendered":"","protected":false},"excerpt":{"rendered":"<p>Pr\u00e1ctico adaptador articulado para utilizar con nuestros elevadores TORO Serie C y D en los montajes de vidrio. Permite, junto a un bastidor con ventosas de succi\u00f3n (no incluidas), dar inclinaci\u00f3n a los paneles de vidrio, facilitando su instalaci\u00f3n de una manera r\u00e1pida y segura.<\/p>\n<p>El adaptador de vidrio se fija directamente al carro del elevador mediante torniller\u00eda de M12 (incluida), por lo tanto, no se necesitan las horquillas. Nota: Si se va a utilizar el Elevador \u00fanicamente con el adaptador para el montaje de vidrios ref. ACT-11 y por lo tanto no se va a hacer uso de las horquillas, ind\u00edquelo y el elevador se suministrar\u00e1 con el adaptador en lugar de las horquillas (contacte con su distribuidor para solicitar el precio del conjunto).<\/p>\n<p><strong>AGILIZA EL TRABAJO:<\/strong> Este pr\u00e1ctico adaptador se regula en inclinaci\u00f3n mediante un husillo roscado, permitiendo el posicionamiento del panel de vidrio de una manera r\u00e1pida y sencilla. Ahorra tiempo en las instalaciones de vidrio.<\/p>\n<p><strong>ELEVADOR 2 EN 1: PATAS EN POSICI\u00d3N DELANTERA O TRASERA (CON CONTRAPESOS):<\/strong> Para instalar paneles de vidrio los elevadores de material TORO se utilizan a menudo con las patas del elevador colocadas en la parte trasera de la base. Si se va a utilizar este adaptador y necesita insertar las patas en la parte trasera del elevador, se DEBE colocar los 5 contrapesos de 20 kg ref. CW-01. GUIL fabrica una pr\u00e1ctica bandeja ref. CB-01 donde poder colocarlos de una manera c\u00f3moda y segura.<strong> Este sistema de ELEVADOR 2 en 1\u00a0 ha sido dise\u00f1ado en primicia por GUIL<\/strong><\/p>\n<p><strong>FABRICACI\u00d3N:<\/strong> El adaptador ACT-11 est\u00e1 fabricado en acero con acabado en pintura al horno en polvo micro texturada EPOXI con doble tratamiento para un perfecto mantenimiento durante su uso en exteriores. Peso Neto: 12 Kg<\/p>\n<p><strong>IMPORTANTE<\/strong>: La capacidad de carga del elevador se reduce cuando se utiliza el adaptador ACT-11. P\u00f3ngase en contacto con GUIL para obtener informaci\u00f3n sobre la capacidad de carga de un modelo espec\u00edfico de TORO en combinaci\u00f3n con el adaptador para paneles de vidrio.\u00a0 Las tablas de carga que indican la capacidad m\u00e1xima de carga de cada modelo seg\u00fan la distancia de la carga del m\u00e1stil se pueden encontrar en el manual del usuario de cada TORO.<\/p>\n","protected":false},"featured_media":137360,"template":"","meta":[],"product_cat":[204,411,714,401,376,205],"product_tag":[],"yoast_head":"<!-- This site is optimized with the Yoast SEO plugin v19.7.1 - https:\/\/yoast.com\/wordpress\/plugins\/seo\/ -->\n<title>Adaptador articulado para lainstalaci\u00f3n de vidrio - Ref. ACT-11 | GUIL<\/title>\n<meta name=\"description\" content=\"ADAPTADOR ARTICULADO PARA LA INSTALACI\u00d3N DE VIDRIO. Para elevadores TORO de las SERIES -A,-B,-C y -D.\" \/>\n<meta name=\"robots\" content=\"index, follow, max-snippet:-1, max-image-preview:large, max-video-preview:-1\" \/>\n<link rel=\"canonical\" href=\"https:\/\/guil.es\/lifters\/producto\/adaptador-articulado-para-la-instalacion-de-vidrio-ref-act-11\/\" \/>\n<meta property=\"og:locale\" content=\"es_ES\" \/>\n<meta property=\"og:type\" content=\"article\" \/>\n<meta property=\"og:title\" content=\"Adaptador articulado para lainstalaci\u00f3n de vidrio - Ref. ACT-11 | GUIL\" \/>\n<meta property=\"og:description\" content=\"ADAPTADOR ARTICULADO PARA LA INSTALACI\u00d3N DE VIDRIO. Para elevadores TORO de las SERIES -A,-B,-C y -D.\" \/>\n<meta property=\"og:url\" content=\"https:\/\/guil.es\/lifters\/producto\/adaptador-articulado-para-la-instalacion-de-vidrio-ref-act-11\/\" \/>\n<meta property=\"og:site_name\" content=\"GUIL\" \/>\n<meta property=\"article:publisher\" content=\"https:\/\/www.facebook.com\/GUIL-lifters-1595855663880679\/?ref=br_rs\" \/>\n<meta property=\"article:modified_time\" content=\"2025-01-27T10:20:04+00:00\" \/>\n<meta property=\"og:image\" content=\"https:\/\/guil.es\/lifters\/wp-content\/uploads\/2025\/01\/Adaptador-para-montaje-vidrios-lunas-ACT-11-2.jpg\" \/>\n\t<meta property=\"og:image:width\" content=\"265\" \/>\n\t<meta property=\"og:image:height\" content=\"265\" \/>\n\t<meta property=\"og:image:type\" content=\"image\/jpeg\" \/>\n<meta name=\"twitter:card\" content=\"summary_large_image\" \/>\n<!-- \/ Yoast SEO plugin. -->","yoast_head_json":{"title":"Adaptador articulado para lainstalaci\u00f3n de vidrio - Ref. ACT-11 | GUIL","description":"ADAPTADOR ARTICULADO PARA LA INSTALACI\u00d3N DE VIDRIO. Para elevadores TORO de las SERIES -A,-B,-C y -D.","robots":{"index":"index","follow":"follow","max-snippet":"max-snippet:-1","max-image-preview":"max-image-preview:large","max-video-preview":"max-video-preview:-1"},"canonical":"https:\/\/guil.es\/lifters\/producto\/adaptador-articulado-para-la-instalacion-de-vidrio-ref-act-11\/","og_locale":"es_ES","og_type":"article","og_title":"Adaptador articulado para lainstalaci\u00f3n de vidrio - Ref. ACT-11 | GUIL","og_description":"ADAPTADOR ARTICULADO PARA LA INSTALACI\u00d3N DE VIDRIO. Para elevadores TORO de las SERIES -A,-B,-C y -D.","og_url":"https:\/\/guil.es\/lifters\/producto\/adaptador-articulado-para-la-instalacion-de-vidrio-ref-act-11\/","og_site_name":"GUIL","article_publisher":"https:\/\/www.facebook.com\/GUIL-lifters-1595855663880679\/?ref=br_rs","article_modified_time":"2025-01-27T10:20:04+00:00","og_image":[{"width":265,"height":265,"url":"https:\/\/guil.es\/lifters\/wp-content\/uploads\/2025\/01\/Adaptador-para-montaje-vidrios-lunas-ACT-11-2.jpg","type":"image\/jpeg"}],"twitter_card":"summary_large_image","schema":{"@context":"https:\/\/schema.org","@graph":[{"@type":"WebPage","@id":"https:\/\/guil.es\/lifters\/producto\/adaptador-articulado-para-la-instalacion-de-vidrio-ref-act-11\/","url":"https:\/\/guil.es\/lifters\/producto\/adaptador-articulado-para-la-instalacion-de-vidrio-ref-act-11\/","name":"Adaptador articulado para la instalaci\u00f3n de vidrio - Ref. ACT-11 | GUIL","isPartOf":{"@id":"https:\/\/guil.es\/lifters\/#website"},"datePublished":"2025-01-20T11:51:06+00:00","dateModified":"2025-01-27T10:20:04+00:00","description":"ADAPTADOR ARTICULADO PARA LA INSTALACI\u00d3N DE VIDRIO. Para elevadores TORO de las SERIES -A,-B,-C y -D.","breadcrumb":{"@id":"https:\/\/guil.es\/lifters\/producto\/adaptador-articulado-para-la-instalacion-de-vidrio-ref-act-11\/#breadcrumb"},"inLanguage":"es","potentialAction":[{"@type":"ReadAction","target":["https:\/\/guil.es\/lifters\/producto\/adaptador-articulado-para-la-instalacion-de-vidrio-ref-act-11\/"]}]},{"@type":"BreadcrumbList","@id":"https:\/\/guil.es\/lifters\/producto\/adaptador-articulado-para-la-instalacion-de-vidrio-ref-act-11\/#breadcrumb","itemListElement":[{"@type":"ListItem","position":1,"name":"Portada","item":"https:\/\/guil.es\/lifters\/"},{"@type":"ListItem","position":2,"name":"Comparativa","item":"https:\/\/guil.es\/lifters\/comparativa\/"},{"@type":"ListItem","position":3,"name":"Adaptador articulado para lainstalaci\u00f3n de vidrio"}]},{"@type":"WebSite","@id":"https:\/\/guil.es\/lifters\/#website","url":"https:\/\/guil.es\/lifters\/","name":"GUIL","description":"Ingenier\u00eda para la industria","publisher":{"@id":"https:\/\/guil.es\/lifters\/#organization"},"potentialAction":[{"@type":"SearchAction","target":{"@type":"EntryPoint","urlTemplate":"https:\/\/guil.es\/lifters\/?s={search_term_string}"},"query-input":"required name=search_term_string"}],"inLanguage":"es"},{"@type":"Organization","@id":"https:\/\/guil.es\/lifters\/#organization","name":"GUIL","url":"https:\/\/guil.es\/lifters\/","sameAs":["https:\/\/www.linkedin.com\/company\/guil-lifters\/","https:\/\/www.youtube.com\/channel\/UCPO_ySVpLlTabFUBnqaL48w\/videos?view_as=subscriber","https:\/\/www.instagram.com\/guil_lifters\/","https:\/\/www.facebook.com\/GUIL-lifters-1595855663880679\/?ref=br_rs"],"logo":{"@type":"ImageObject","inLanguage":"es","@id":"https:\/\/guil.es\/lifters\/#\/schema\/logo\/image\/","url":"https:\/\/new.guil.es\/wp-content\/uploads\/2019\/05\/GUIL-TORO-Negro.jpg","contentUrl":"https:\/\/new.guil.es\/wp-content\/uploads\/2019\/05\/GUIL-TORO-Negro.jpg","width":2056,"height":498,"caption":"GUIL"},"image":{"@id":"https:\/\/guil.es\/lifters\/#\/schema\/logo\/image\/"}}]}},"_links":{"self":[{"href":"https:\/\/guil.es\/lifters\/wp-json\/wp\/v2\/product\/137337"}],"collection":[{"href":"https:\/\/guil.es\/lifters\/wp-json\/wp\/v2\/product"}],"about":[{"href":"https:\/\/guil.es\/lifters\/wp-json\/wp\/v2\/types\/product"}],"version-history":[{"count":6,"href":"https:\/\/guil.es\/lifters\/wp-json\/wp\/v2\/product\/137337\/revisions"}],"predecessor-version":[{"id":137404,"href":"https:\/\/guil.es\/lifters\/wp-json\/wp\/v2\/product\/137337\/revisions\/137404"}],"wp:featuredmedia":[{"embeddable":true,"href":"https:\/\/guil.es\/lifters\/wp-json\/wp\/v2\/media\/137360"}],"wp:attachment":[{"href":"https:\/\/guil.es\/lifters\/wp-json\/wp\/v2\/media?parent=137337"}],"wp:term":[{"taxonomy":"product_cat","embeddable":true,"href":"https:\/\/guil.es\/lifters\/wp-json\/wp\/v2\/product_cat?post=137337"},{"taxonomy":"product_tag","embeddable":true,"href":"https:\/\/guil.es\/lifters\/wp-json\/wp\/v2\/product_tag?post=137337"}],"curies":[{"name":"wp","href":"https:\/\/api.w.org\/{rel}","templated":true}]}}