{"id":22168,"date":"2023-06-21T11:57:56","date_gmt":"2023-06-21T09:57:56","guid":{"rendered":"https:\/\/guil.es\/lifters\/?post_type=product&#038;p=22168"},"modified":"2025-10-16T08:38:54","modified_gmt":"2025-10-16T06:38:54","slug":"adaptador-para-montaje-de-lunas-y-vidrios-ref-act-10","status":"publish","type":"product","link":"https:\/\/guil.es\/lifters\/producto\/adaptador-para-montaje-de-lunas-y-vidrios-ref-act-10\/","title":{"rendered":"Accesorio para el montaje de lunas y vidrios"},"content":{"rendered":"<p>[vc_row king_row_type=\u00bbcontainer_full\u00bb css=\u00bb.vc_custom_1700575978503{padding-right: 35px !important;padding-left: 35px !important;background-color: #f4f4f4 !important;}\u00bb][vc_column width=\u00bb1\/4&#8243;][vc_single_image image=\u00bb73752&#8243; img_size=\u00bbfull\u00bb css=\u00bb.vc_custom_1700576521037{padding-right: 5px !important;padding-bottom: 15px !important;padding-left: 5px !important;}\u00bb][vc_empty_space height=\u00bb20&#8243;][\/vc_column][vc_column width=\u00bb1\/6&#8243;][vc_column_text css=\u00bb.vc_custom_1707207868387{padding-right: 10px !important;padding-left: 10px !important;}\u00bb]<\/p>\n<p style=\"text-align: justify;\"><span style=\"color: #000000;\"><strong>Nuestro accesorio ACT-10 especialmente dise\u00f1ado para una c\u00f3moda instalaci\u00f3n de lunas y vidrios, <\/strong>est\u00e1 provisto de dos <strong>brazos regulables de manera independiente<\/strong> que permiten posicionar la luna o vidrio durante su montaje, evitando el balanceo. Estos brazos est\u00e1n equipados con dos ruedas giratorias de goma para no marcar la luna o vidrio.<\/span><\/p>\n<p style=\"text-align: justify;\"><span style=\"color: #000000;\"><strong>El ACT-10 se fija en cualquier punto del m\u00e1stil del elevador y se puede regular tanto en profundidad, como en altura y anchura con el fin de posicionar la luna\/vidrio en el \u00e1ngulo adecuado durante su instalaci\u00f3n.<\/strong><\/span><\/p>\n<p style=\"text-align: justify;\"><span style=\"color: #000000;\">Para el uso de este adaptador es necesario la utilizaci\u00f3n conjunta de una de nuestras dos Plumas (ref. ACT-05 o ACT-08) donde se colocar\u00e1n las ventosas (no incluidas).<\/span><\/p>\n<p>[\/vc_column_text][vc_empty_space height=\u00bb30&#8243;][\/vc_column][vc_column width=\u00bb1\/4&#8243;][vc_single_image image=\u00bb73754&#8243; img_size=\u00bbfull\u00bb css=\u00bb.vc_custom_1700576556494{padding-right: 5px !important;padding-bottom: 15px !important;padding-left: 5px !important;}\u00bb][vc_empty_space height=\u00bb20&#8243;][\/vc_column][vc_column width=\u00bb1\/3&#8243;][vc_video link=\u00bbhttps:\/\/youtube.com\/shorts\/lEE9LCKTs0w?feature=share\u00bb el_width=\u00bb60&#8243; el_aspect=\u00bb43&#8243; align=\u00bbcenter\u00bb][\/vc_column][\/vc_row][vc_row king_row_type=\u00bbcontainer_full\u00bb css=\u00bb.vc_custom_1690434991189{padding-top: 30px !important;padding-right: 35px !important;padding-left: 35px !important;}\u00bb bg_color=\u00bb#cecece\u00bb][vc_column width=\u00bb1\/12&#8243;][\/vc_column][vc_column width=\u00bb5\/6&#8243;][vc_column_text css=\u00bb.vc_custom_1690440151375{padding-top: 15px !important;padding-right: 5px !important;padding-left: 5px !important;}\u00bb]<\/p>\n<p style=\"text-align: left;\"><span style=\"font-size: 12pt; color: #000000;\"><span style=\"font-size: 14pt;\"><strong>\u2022 <span style=\"font-size: 12pt;\"><u>Montaje y\/o sustituci\u00f3n de lunas en autobuses o camiones<\/u><\/span><\/strong><\/span>\u00a0 <span style=\"font-size: 14pt;\">\u2192<\/span>\u00a0 <strong>Elevador TORO A (Ref. TORO A-101\/C o TORO A-102\/C) + adaptador pluma Ref. ACT-05 + accesorio ACT-10 + ventosas<\/strong>.<\/span><\/p>\n<p>[\/vc_column_text][\/vc_column][\/vc_row][vc_row king_row_type=\u00bbcontainer_full\u00bb css=\u00bb.vc_custom_1690435028235{padding-top: 30px !important;padding-right: 35px !important;padding-left: 35px !important;}\u00bb bg_color=\u00bb#cecece\u00bb][vc_column width=\u00bb1\/12&#8243;][\/vc_column][vc_column width=\u00bb5\/12&#8243;][vc_single_image image=\u00bb138710&#8243; img_size=\u00bbfull\u00bb css=\u00bb.vc_custom_1760596741387{padding-right: 15px !important;padding-left: 15px !important;}\u00bb][vc_empty_space height=\u00bb15&#8243;][\/vc_column][vc_column width=\u00bb5\/12&#8243; css=\u00bb.vc_custom_1690436349438{padding-top: 30px !important;}\u00bb][vc_column_text css=\u00bb.vc_custom_1690440141648{padding-top: 15px !important;padding-right: 5px !important;padding-left: 5px !important;}\u00bb]<\/p>\n<p style=\"text-align: justify;\"><span style=\"color: #000000;\">El uso del adaptador ACT-10 junto con nuestros elevadores compactos <a style=\"color: #000000;\" href=\"https:\/\/guil.es\/lifters\/categoria-producto\/torres-carga-suelo\/serie-a\/\">TORO de la Serie A<\/a>, son una combinaci\u00f3n perfecta para el <strong>montaje de parabrisas<\/strong> en autobuses y camiones, gracias a que las patas de nuestros elevadores pueden pasar por debajo del veh\u00edculo y de esta manera se puede acercar el elevador con la luna suspendida para una c\u00f3moda y segura instalaci\u00f3n.<\/span><\/p>\n<p>[\/vc_column_text][\/vc_column][\/vc_row][vc_row king_row_type=\u00bbcontainer_full\u00bb css=\u00bb.vc_custom_1690438915982{padding-top: 30px !important;padding-right: 35px !important;padding-left: 35px !important;}\u00bb bg_color=\u00bb#cecece\u00bb][vc_column width=\u00bb1\/12&#8243;][\/vc_column][vc_column width=\u00bb5\/6&#8243;][vc_column_text css=\u00bb.vc_custom_1690440162815{padding-top: 15px !important;padding-right: 5px !important;padding-left: 5px !important;}\u00bb]<\/p>\n<p style=\"text-align: left;\"><span style=\"color: #000000; font-size: 12pt;\"><strong>\u2022 <span style=\"font-size: 12pt;\"><u>Instalaci\u00f3n de vidrio<\/u><\/span><\/strong>\u00a0 <span style=\"font-size: 14pt;\">\u2192<\/span> <strong>\u00a0Elevador TORO (Modelos TORO de la Serie B, Serie C o Serie D) + adaptador pluma (Ref. ACT-05 o ACT-08) + accesorio ACT-10 + juego de ventosas<\/strong>.<\/span><\/p>\n<p>[\/vc_column_text][\/vc_column][\/vc_row][vc_row king_row_type=\u00bbcontainer_full\u00bb css=\u00bb.vc_custom_1690438925177{padding-top: 30px !important;padding-right: 35px !important;padding-left: 35px !important;}\u00bb bg_color=\u00bb#cecece\u00bb][vc_column width=\u00bb1\/12&#8243;][\/vc_column][vc_column width=\u00bb5\/12&#8243;][vc_column_text css=\u00bb.vc_custom_1690442333640{padding-top: 15px !important;padding-right: 5px !important;padding-left: 5px !important;}\u00bb]<\/p>\n<p style=\"text-align: justify;\"><span style=\"color: #000000;\">Para la instalaci\u00f3n de un vidrio de gran formato se necesita estabilizar y mantener la hoja en posici\u00f3n vertical. El adaptador ACT-10 es un accesorio muy pr\u00e1ctico para posicionar el vidrio suspendido en el \u00e1ngulo correcto durante el proceso de montaje.<\/span><\/p>\n<p>[\/vc_column_text][vc_separator color=\u00bbcustom\u00bb border_width=\u00bb6&#8243; css=\u00bb.vc_custom_1690442614350{padding-top: 15px !important;padding-bottom: 0px !important;}\u00bb accent_color=\u00bb#ff0000&#8243;][vc_column_text css=\u00bb.vc_custom_1690442604672{padding-top: 15px !important;padding-right: 5px !important;padding-bottom: 15px !important;padding-left: 5px !important;background-color: #bcbcbc !important;}\u00bb]<\/p>\n<p style=\"text-align: center;\"><span style=\"color: #000000;\"><span style=\"font-family: verdana, geneva, sans-serif; font-size: 11pt;\"><span style=\"font-size: 11pt;\">Nuestros elevadores compactos son una opci\u00f3n perfecta para las empresas que se dedican a la<br \/>\n<\/span><\/span><span style=\"font-family: verdana, geneva, sans-serif; font-size: 11pt;\"><span style=\"font-size: 11pt;\"><strong><u>CONSTRUCCI\u00d3N DE PISTAS DE P\u00c1DEL<\/u><\/strong>.<\/span><\/span><\/span><\/p>\n<p style=\"text-align: center;\"><span style=\"font-family: verdana, geneva, sans-serif; font-size: 11pt; color: #000000;\">Su dise\u00f1o y f\u00e1cil manejo permite un c\u00f3modo y r\u00e1pido montaje de los m\u00f3dulos de vidrio.<\/span><\/p>\n<p>[\/vc_column_text][vc_empty_space height=\u00bb10&#8243;][\/vc_column][vc_column width=\u00bb5\/12&#8243;][vc_single_image image=\u00bb22386&#8243; img_size=\u00bbfull\u00bb css=\u00bb.vc_custom_1690446616925{padding-right: 15px !important;padding-left: 15px !important;}\u00bb][vc_empty_space height=\u00bb10&#8243;][\/vc_column][vc_column width=\u00bb1\/12&#8243;][\/vc_column][\/vc_row][vc_row king_row_type=\u00bbcontainer_full\u00bb css=\u00bb.vc_custom_1690435944234{padding-right: 35px !important;padding-left: 35px !important;}\u00bb][vc_column css=\u00bb.vc_custom_1687353304991{padding-top: 30px !important;}\u00bb][vc_column_text css=\u00bb.vc_custom_1690440186663{padding-top: 30px !important;padding-right: 5px !important;padding-left: 5px !important;}\u00bb]<\/p>\n<p style=\"text-align: justify;\"><span style=\"color: #000000;\"><strong><u>Para elevadores:<\/u><\/strong> Se suministra con doble juego de torniller\u00eda para poder ser instalado tanto en elevadores TORO Serie A y Serie B, como en elevadores TORO Serie C y Serie D.<\/span><\/p>\n<p style=\"text-align: justify;\"><span style=\"color: #000000;\"><strong><u>Fabricaci\u00f3n<\/u><\/strong><strong>: <\/strong>Est\u00e1 fabricado en acero y aluminio, las piezas de acero est\u00e1n acabadas en pintura al horno en polvo micro texturada EPOXI con doble tratamiento para un perfecto mantenimiento durante su uso en exteriores.<\/span><\/p>\n<p style=\"text-align: justify;\"><span style=\"color: #000000;\">Peso Neto: 11 kg (24.25 lb)<\/span><\/p>\n<p>[\/vc_column_text][\/vc_column][\/vc_row][vc_row king_row_type=\u00bbcontainer_full\u00bb css=\u00bb.vc_custom_1687345663926{padding-right: 35px !important;padding-left: 35px !important;}\u00bb][vc_column][vc_empty_space][vc_single_image image=\u00bb134543&#8243; img_size=\u00bbfull\u00bb][\/vc_column][\/vc_row]<\/p>\n","protected":false},"excerpt":{"rendered":"<p>Accesorio especialmente dise\u00f1ado para el <strong>montaje de<\/strong> <strong>lunas para camiones y autobuses, as\u00ed como para la instalaci\u00f3n de vidrios en general <\/strong>(ventanales, instalaci\u00f3n de escaparates, montaje de pistas de p\u00e1del, etc).<\/p>\n<p>Este pr\u00e1ctico adaptador es <strong>regulable en anchura y profundidad<\/strong> para poder ser utilizado en el montaje de vidrios de diferentes tama\u00f1os.<\/p>\n<p>Utilizando uno de nuestros elevadores TORO, con un adaptador pluma con ventosas y el accesorio ACT-10, podemos acercar, inclinar y elevar la luna para una r\u00e1pida y segura instalaci\u00f3n. Una vez tenemos la luna suspendida podemos acercarla, inclinarla y elevarla para su colocaci\u00f3n.<\/p>\n<p>Valido para elevadores <strong>TORO Serie A,<\/strong> <strong>TORO Serie B<\/strong>, <strong>TORO Serie C<\/strong> y <strong>TORO Serie D<\/strong>.<\/p>\n<p><img loading=\"lazy\" class=\"wp-image-73761 size-full aligncenter\" src=\"https:\/\/guil.es\/lifters\/wp-content\/uploads\/2023\/06\/TORO-D-13-con-ADT-10-Patas-atrasvidrio.jpg\" alt=\"\" width=\"500\" height=\"464\" srcset=\"https:\/\/guil.es\/lifters\/wp-content\/uploads\/2023\/06\/TORO-D-13-con-ADT-10-Patas-atrasvidrio.jpg 500w, https:\/\/guil.es\/lifters\/wp-content\/uploads\/2023\/06\/TORO-D-13-con-ADT-10-Patas-atrasvidrio-300x278.jpg 300w\" sizes=\"(max-width: 500px) 100vw, 500px\" \/><\/p>\n","protected":false},"featured_media":22183,"template":"","meta":[],"product_cat":[204,507,411,714,401,376,205],"product_tag":[],"yoast_head":"<!-- This site is optimized with the Yoast SEO plugin v19.7.1 - https:\/\/yoast.com\/wordpress\/plugins\/seo\/ -->\n<title>Accesorio para el montaje de lunas y vidrios \u2013 Ref. ACT-10 | GUIL<\/title>\n<meta name=\"description\" content=\"Accesorio especialmente dise\u00f1ado para la instalaci\u00f3n de lunas para camiones y autobuses y vidrios en general (ventanales, escaparates).\" \/>\n<meta name=\"robots\" content=\"index, follow, max-snippet:-1, max-image-preview:large, max-video-preview:-1\" \/>\n<link rel=\"canonical\" href=\"https:\/\/guil.es\/lifters\/producto\/adaptador-para-montaje-de-lunas-y-vidrios-ref-act-10\/\" \/>\n<meta property=\"og:locale\" content=\"es_ES\" \/>\n<meta property=\"og:type\" content=\"article\" \/>\n<meta property=\"og:title\" content=\"Accesorio para el montaje de lunas y vidrios \u2013 Ref. ACT-10 | GUIL\" \/>\n<meta property=\"og:description\" content=\"Accesorio especialmente dise\u00f1ado para la instalaci\u00f3n de lunas para camiones y autobuses y vidrios en general (ventanales, escaparates).\" \/>\n<meta property=\"og:url\" content=\"https:\/\/guil.es\/lifters\/producto\/adaptador-para-montaje-de-lunas-y-vidrios-ref-act-10\/\" \/>\n<meta property=\"og:site_name\" content=\"GUIL\" \/>\n<meta property=\"article:publisher\" content=\"https:\/\/www.facebook.com\/GUIL-lifters-1595855663880679\/?ref=br_rs\" \/>\n<meta property=\"article:modified_time\" content=\"2025-10-16T06:38:54+00:00\" \/>\n<meta property=\"og:image\" content=\"https:\/\/guil.es\/lifters\/wp-content\/uploads\/2023\/06\/Adaptador-para-montaje-vidrios-lunas-ACT-10.jpg\" \/>\n\t<meta property=\"og:image:width\" content=\"265\" \/>\n\t<meta property=\"og:image:height\" content=\"265\" \/>\n\t<meta property=\"og:image:type\" content=\"image\/jpeg\" \/>\n<meta name=\"twitter:card\" content=\"summary_large_image\" \/>\n<meta name=\"twitter:label1\" content=\"Tiempo de lectura\" \/>\n\t<meta name=\"twitter:data1\" content=\"3 minutos\" \/>\n<!-- \/ Yoast SEO plugin. -->","yoast_head_json":{"title":"Accesorio para el montaje de lunas y vidrios \u2013 Ref. ACT-10 | GUIL","description":"Accesorio especialmente dise\u00f1ado para la instalaci\u00f3n de lunas para camiones y autobuses y vidrios en general (ventanales, escaparates).","robots":{"index":"index","follow":"follow","max-snippet":"max-snippet:-1","max-image-preview":"max-image-preview:large","max-video-preview":"max-video-preview:-1"},"canonical":"https:\/\/guil.es\/lifters\/producto\/adaptador-para-montaje-de-lunas-y-vidrios-ref-act-10\/","og_locale":"es_ES","og_type":"article","og_title":"Accesorio para el montaje de lunas y vidrios \u2013 Ref. ACT-10 | GUIL","og_description":"Accesorio especialmente dise\u00f1ado para la instalaci\u00f3n de lunas para camiones y autobuses y vidrios en general (ventanales, escaparates).","og_url":"https:\/\/guil.es\/lifters\/producto\/adaptador-para-montaje-de-lunas-y-vidrios-ref-act-10\/","og_site_name":"GUIL","article_publisher":"https:\/\/www.facebook.com\/GUIL-lifters-1595855663880679\/?ref=br_rs","article_modified_time":"2025-10-16T06:38:54+00:00","og_image":[{"width":265,"height":265,"url":"https:\/\/guil.es\/lifters\/wp-content\/uploads\/2023\/06\/Adaptador-para-montaje-vidrios-lunas-ACT-10.jpg","type":"image\/jpeg"}],"twitter_card":"summary_large_image","twitter_misc":{"Tiempo de lectura":"3 minutos"},"schema":{"@context":"https:\/\/schema.org","@graph":[{"@type":"WebPage","@id":"https:\/\/guil.es\/lifters\/producto\/adaptador-para-montaje-de-lunas-y-vidrios-ref-act-10\/","url":"https:\/\/guil.es\/lifters\/producto\/adaptador-para-montaje-de-lunas-y-vidrios-ref-act-10\/","name":"Accesorio para el montaje de lunas y vidrios \u2013 Ref. ACT-10 | GUIL","isPartOf":{"@id":"https:\/\/guil.es\/lifters\/#website"},"datePublished":"2023-06-21T09:57:56+00:00","dateModified":"2025-10-16T06:38:54+00:00","description":"Accesorio especialmente dise\u00f1ado para la instalaci\u00f3n de lunas para camiones y autobuses y vidrios en general (ventanales, escaparates).","breadcrumb":{"@id":"https:\/\/guil.es\/lifters\/producto\/adaptador-para-montaje-de-lunas-y-vidrios-ref-act-10\/#breadcrumb"},"inLanguage":"es","potentialAction":[{"@type":"ReadAction","target":["https:\/\/guil.es\/lifters\/producto\/adaptador-para-montaje-de-lunas-y-vidrios-ref-act-10\/"]}]},{"@type":"BreadcrumbList","@id":"https:\/\/guil.es\/lifters\/producto\/adaptador-para-montaje-de-lunas-y-vidrios-ref-act-10\/#breadcrumb","itemListElement":[{"@type":"ListItem","position":1,"name":"Portada","item":"https:\/\/guil.es\/lifters\/"},{"@type":"ListItem","position":2,"name":"Comparativa","item":"https:\/\/guil.es\/lifters\/comparativa\/"},{"@type":"ListItem","position":3,"name":"Accesorio para el montaje de lunas y vidrios"}]},{"@type":"WebSite","@id":"https:\/\/guil.es\/lifters\/#website","url":"https:\/\/guil.es\/lifters\/","name":"GUIL","description":"Ingenier\u00eda para la industria","publisher":{"@id":"https:\/\/guil.es\/lifters\/#organization"},"potentialAction":[{"@type":"SearchAction","target":{"@type":"EntryPoint","urlTemplate":"https:\/\/guil.es\/lifters\/?s={search_term_string}"},"query-input":"required name=search_term_string"}],"inLanguage":"es"},{"@type":"Organization","@id":"https:\/\/guil.es\/lifters\/#organization","name":"GUIL","url":"https:\/\/guil.es\/lifters\/","sameAs":["https:\/\/www.linkedin.com\/company\/guil-lifters\/","https:\/\/www.youtube.com\/channel\/UCPO_ySVpLlTabFUBnqaL48w\/videos?view_as=subscriber","https:\/\/www.instagram.com\/guil_lifters\/","https:\/\/www.facebook.com\/GUIL-lifters-1595855663880679\/?ref=br_rs"],"logo":{"@type":"ImageObject","inLanguage":"es","@id":"https:\/\/guil.es\/lifters\/#\/schema\/logo\/image\/","url":"https:\/\/new.guil.es\/wp-content\/uploads\/2019\/05\/GUIL-TORO-Negro.jpg","contentUrl":"https:\/\/new.guil.es\/wp-content\/uploads\/2019\/05\/GUIL-TORO-Negro.jpg","width":2056,"height":498,"caption":"GUIL"},"image":{"@id":"https:\/\/guil.es\/lifters\/#\/schema\/logo\/image\/"}}]}},"_links":{"self":[{"href":"https:\/\/guil.es\/lifters\/wp-json\/wp\/v2\/product\/22168"}],"collection":[{"href":"https:\/\/guil.es\/lifters\/wp-json\/wp\/v2\/product"}],"about":[{"href":"https:\/\/guil.es\/lifters\/wp-json\/wp\/v2\/types\/product"}],"version-history":[{"count":11,"href":"https:\/\/guil.es\/lifters\/wp-json\/wp\/v2\/product\/22168\/revisions"}],"predecessor-version":[{"id":138712,"href":"https:\/\/guil.es\/lifters\/wp-json\/wp\/v2\/product\/22168\/revisions\/138712"}],"wp:featuredmedia":[{"embeddable":true,"href":"https:\/\/guil.es\/lifters\/wp-json\/wp\/v2\/media\/22183"}],"wp:attachment":[{"href":"https:\/\/guil.es\/lifters\/wp-json\/wp\/v2\/media?parent=22168"}],"wp:term":[{"taxonomy":"product_cat","embeddable":true,"href":"https:\/\/guil.es\/lifters\/wp-json\/wp\/v2\/product_cat?post=22168"},{"taxonomy":"product_tag","embeddable":true,"href":"https:\/\/guil.es\/lifters\/wp-json\/wp\/v2\/product_tag?post=22168"}],"curies":[{"name":"wp","href":"https:\/\/api.w.org\/{rel}","templated":true}]}}