{"id":7307,"date":"2019-05-22T16:23:10","date_gmt":"2019-05-22T14:23:10","guid":{"rendered":"https:\/\/guil-lifters.com\/?post_type=product&#038;p=7307"},"modified":"2026-03-12T09:10:34","modified_gmt":"2026-03-12T08:10:34","slug":"adaptador-bandeja-para-elevadores-ref-bc-06","status":"publish","type":"product","link":"https:\/\/guil.es\/lifters\/producto\/adaptador-bandeja-para-elevadores-ref-bc-06\/","title":{"rendered":"Bandeja de acero<br>(450\u00d7450 mm)"},"content":{"rendered":"<p>[vc_row king_row_type=\u00bbcontainer_full\u00bb css=\u00bb.vc_custom_1700032796994{background-color: #f4f4f4 !important;}\u00bb][vc_column width=\u00bb1\/12&#8243;][\/vc_column][vc_column width=\u00bb5\/12&#8243;][vc_column_text]<\/p>\n<p style=\"text-align: center;\"><span style=\"text-decoration: underline;\"><span style=\"font-size: 28pt; color: #000000;\"><strong>APLICACIONES<\/strong><\/span><\/span><\/p>\n<p>[\/vc_column_text][vc_empty_space][vc_column_text]<\/p>\n<h4><\/h4>\n\t\t\t<style>\r\n                #foogallery-gallery-21575.fg-justified .fg-item {\r\n                    margin-right: 20px;\r\n                    margin-bottom: 20px;\r\n                }\r\n\r\n                #foogallery-gallery-21575.fg-justified .fg-image {\r\n                    height: 230px;\r\n                }\r\n\t\t\t<\/style>\r\n\t\t\t<div class=\"foogallery foogallery-container foogallery-justified foogallery-lightbox-foobox fg-justified fg-light fg-shadow-outline fg-loading-default fg-loaded-fade-in fg-hover-zoomed fg-hover-fade fg-hover-plus fg-c-c fg-ready\" id=\"foogallery-gallery-21575\" data-foogallery=\"{&quot;item&quot;:{&quot;showCaptionTitle&quot;:false,&quot;showCaptionDescription&quot;:false},&quot;lazy&quot;:false,&quot;src&quot;:&quot;src&quot;,&quot;srcset&quot;:&quot;srcset&quot;,&quot;paging&quot;:{&quot;type&quot;:&quot;dots&quot;,&quot;theme&quot;:&quot;fg-light&quot;,&quot;size&quot;:10,&quot;position&quot;:&quot;bottom&quot;,&quot;scrollToTop&quot;:false,&quot;output&quot;:&quot;&quot;},&quot;template&quot;:{&quot;rowHeight&quot;:230,&quot;maxRowHeight&quot;:250,&quot;margins&quot;:20,&quot;align&quot;:&quot;center&quot;,&quot;lastRow&quot;:&quot;smart&quot;}}\" >\r\n\t<div class=\"fg-item fg-type-image fg-loaded\"><figure class=\"fg-item-inner\"><a href=\"https:\/\/guil.es\/lifters\/wp-content\/uploads\/2022\/10\/Instalacion-de-unidad-exterior.jpg\" data-caption-title=\" \" data-caption-desc=\" \" data-attachment-id=\"21573\" class=\"fg-thumb\"><span class=\"fg-image-wrap\"><img src=\"https:\/\/guil.es\/lifters\/wp-content\/uploads\/cache\/2022\/10\/Instalacion-de-unidad-exterior\/3896531293.jpg\" alt=\"Instalaci\u00f3n-de-unidad-exterior\" title=\"Instalaci\u00f3n-de-unidad-exterior\" height=\"250\" width=\"250\" class=\"skip-lazy fg-image\" data-no-lazy=\"1\" loading=\"eager\"><\/span><span class=\"fg-image-overlay\"><\/span><\/a><figcaption class=\"fg-caption\"><div class=\"fg-caption-inner\"><\/div><\/figcaption><\/figure><div class=\"fg-loader\"><\/div><\/div><div class=\"fg-item fg-type-image fg-loaded\"><figure class=\"fg-item-inner\"><a href=\"https:\/\/guil.es\/lifters\/wp-content\/uploads\/2022\/10\/Instalacion-Aire-Acondicionado.jpg\" data-caption-title=\" \" data-caption-desc=\" \" data-attachment-id=\"21251\" class=\"fg-thumb\"><span class=\"fg-image-wrap\"><img src=\"https:\/\/guil.es\/lifters\/wp-content\/uploads\/cache\/2022\/10\/Instalacion-Aire-Acondicionado\/3675378409.jpg\" alt=\"Instalaci\u00f3n-Aire-Acondicionado\" title=\"Instalaci\u00f3n-Aire-Acondicionado\" height=\"250\" width=\"250\" class=\"skip-lazy fg-image\" data-no-lazy=\"1\" loading=\"eager\"><\/span><span class=\"fg-image-overlay\"><\/span><\/a><figcaption class=\"fg-caption\"><div class=\"fg-caption-inner\"><\/div><\/figcaption><\/figure><div class=\"fg-loader\"><\/div><\/div><div class=\"fg-item fg-type-image fg-loaded\"><figure class=\"fg-item-inner\"><a href=\"https:\/\/guil.es\/lifters\/wp-content\/uploads\/2022\/10\/Climatizacion-2.jpg\" data-attachment-id=\"20804\" data-caption-title=\" \" data-caption-desc=\" \" class=\"fg-thumb\"><span class=\"fg-image-wrap\"><img src=\"https:\/\/guil.es\/lifters\/wp-content\/uploads\/cache\/2022\/10\/Climatizacion-2\/2126983620.jpg\" height=\"250\" width=\"250\" class=\"skip-lazy fg-image\" data-no-lazy=\"1\" loading=\"eager\"><\/span><span class=\"fg-image-overlay\"><\/span><\/a><figcaption class=\"fg-caption\"><div class=\"fg-caption-inner\"><\/div><\/figcaption><\/figure><div class=\"fg-loader\"><\/div><\/div><div class=\"fg-item fg-type-image fg-loaded\"><figure class=\"fg-item-inner\"><a href=\"https:\/\/guil.es\/lifters\/wp-content\/uploads\/2022\/10\/Climatizacion-7.jpg\" data-attachment-id=\"20814\" data-caption-title=\" \" data-caption-desc=\" \" class=\"fg-thumb\"><span class=\"fg-image-wrap\"><img src=\"https:\/\/guil.es\/lifters\/wp-content\/uploads\/cache\/2022\/10\/Climatizacion-7\/3919030748.jpg\" height=\"250\" width=\"250\" class=\"skip-lazy fg-image\" data-no-lazy=\"1\" loading=\"eager\"><\/span><span class=\"fg-image-overlay\"><\/span><\/a><figcaption class=\"fg-caption\"><div class=\"fg-caption-inner\"><\/div><\/figcaption><\/figure><div class=\"fg-loader\"><\/div><\/div><div class=\"fg-item fg-type-image fg-loaded\"><figure class=\"fg-item-inner\"><a href=\"https:\/\/guil.es\/lifters\/wp-content\/uploads\/2022\/10\/Elevar-unidad-exterior-de-Aire-Acondicionado.jpg\" data-caption-title=\" \" data-caption-desc=\" \" data-attachment-id=\"21247\" class=\"fg-thumb\"><span class=\"fg-image-wrap\"><img src=\"https:\/\/guil.es\/lifters\/wp-content\/uploads\/cache\/2022\/10\/Elevar-unidad-exterior-de-Aire-Acondicionado\/1657163135.jpg\" alt=\"Elevar-unidad-exterior-de-Aire-Acondicionado\" title=\"Elevar-unidad-exterior-de-Aire-Acondicionado\" height=\"250\" width=\"250\" class=\"skip-lazy fg-image\" data-no-lazy=\"1\" loading=\"eager\"><\/span><span class=\"fg-image-overlay\"><\/span><\/a><figcaption class=\"fg-caption\"><div class=\"fg-caption-inner\"><\/div><\/figcaption><\/figure><div class=\"fg-loader\"><\/div><\/div><div class=\"fg-item fg-type-image fg-loaded\"><figure class=\"fg-item-inner\"><a href=\"https:\/\/guil.es\/lifters\/wp-content\/uploads\/2022\/10\/Climatizacion-8.jpg\" data-attachment-id=\"20816\" data-caption-title=\" \" data-caption-desc=\" \" class=\"fg-thumb\"><span class=\"fg-image-wrap\"><img src=\"https:\/\/guil.es\/lifters\/wp-content\/uploads\/cache\/2022\/10\/Climatizacion-8\/1261814377.jpg\" height=\"250\" width=\"250\" class=\"skip-lazy fg-image\" data-no-lazy=\"1\" loading=\"eager\"><\/span><span class=\"fg-image-overlay\"><\/span><\/a><figcaption class=\"fg-caption\"><div class=\"fg-caption-inner\"><\/div><\/figcaption><\/figure><div class=\"fg-loader\"><\/div><\/div><\/div>\r\n\n<p>[\/vc_column_text][vc_empty_space height=\u00bb100&#8243;][\/vc_column][vc_column width=\u00bb1\/12&#8243;][\/vc_column][vc_column width=\u00bb1\/4&#8243; css=\u00bb.vc_custom_1700033548080{padding-top: 50px !important;padding-right: 0px !important;padding-bottom: 0px !important;padding-left: 0px !important;}\u00bb][vc_video link=\u00bbhttps:\/\/www.youtube.com\/watch?v=buwqf5E5mJE&amp;list=PLaEnWuMb37rBcN-lLOKCtVF3vtWpEepfp&amp;index=14&#8243; align=\u00bbcenter\u00bb css=\u00bb.vc_custom_1699872188562{padding-bottom: 15px !important;}\u00bb][vc_video link=\u00bbhttps:\/\/www.youtube.com\/watch?v=bKDnQ5-Szks\u00bb align=\u00bbcenter\u00bb][\/vc_column][\/vc_row]<\/p>\n","protected":false},"excerpt":{"rendered":"<p style=\"text-align: justify;\"><span style=\"color: #000000;\"><strong>Adaptador tipo bandeja cuadrada dise\u00f1ado para los Elevadores de Carga ELC<br \/>\n<\/strong><br \/>\n&#8211; Colocando el adaptador BC-06 en los Elevadores ELC la altura de \u00e9stos aumenta en 40 mm.<\/span><br \/>\n<span style=\"color: #000000;\">&#8211; El adaptador BC-06 est\u00e1 fabricado en acero con acabado en pintura (EPOXY) antirralladura.<\/span><\/p>\n<p style=\"text-align: justify;\"><span style=\"color: #000000;\">\u25aa Ref. <strong>BC-06\/M<br \/>\n<\/strong>Bandeja cuadrada con tubo de inserci\u00f3n de \u00d8 35 mm (Macho), dise\u00f1ado para los elevadores de carga<\/span><a href=\"https:\/\/guil.es\/lifters\/producto\/elevador-de-carga-ref-elc-720\/\" target=\"_blank\" rel=\"noopener\"> ELC-720<\/a>,<a href=\"https:\/\/guil.es\/lifters\/producto\/elevador-de-carga-elc-630-r\/\" target=\"_blank\" rel=\"noopener\"> ELC-730\/R<\/a>, <a href=\"https:\/\/guil.es\/lifters\/producto\/elevador-de-carga-ref-elc-725\/\">ELC-725<\/a>, <a href=\"https:\/\/guil.es\/lifters\/producto\/elevador-con-bandeja-ref-elc-725-d\/\">ELC-725\/D\u00a0<\/a><span style=\"color: #727272;\">y<\/span> <a href=\"https:\/\/guil.es\/lifters\/producto\/elevador-de-carga-elc-750\/\" target=\"_blank\" rel=\"noopener\">ELC-750<\/a><br \/>\n<span style=\"color: #000000;\">&gt; Medidas: 450&#215;450 mm<br \/>\n&gt; Peso Neto: 4,93 Kg<\/span><\/p>\n<p style=\"text-align: justify;\"><span style=\"color: #000000;\">\u25aa Ref. <strong>BC-06\/H<br \/>\n<\/strong>Bandeja cuadrada para tubo de inserci\u00f3n de \u00d8 35 mm (Hembra), dise\u00f1ado para los elevadores de carga<\/span><span style=\"color: #000000;\"> <a href=\"https:\/\/guil-lifters.com\/producto\/elc-700\/\">ELC-700 <\/a><\/span><span style=\"color: #000000;\">y<\/span>\u00a0<a href=\"https:\/\/guil.es\/lifters\/producto\/elevador-de-carga-elc-710\/\" target=\"_blank\" rel=\"noopener\">ELC-710<\/a><br \/>\n<span style=\"color: #000000;\">&gt; Medidas: 450&#215;450 mm<br \/>\n&gt; Peso Neto: 5,00 Kg<\/span><\/p>\n<p>https:\/\/www.youtube.com\/watch?v=A_CrD1TkO0o<\/p>\n<p>&nbsp;<\/p>\n","protected":false},"featured_media":23549,"template":"","meta":[],"product_cat":[204,567,441,412,413,533],"product_tag":[],"yoast_head":"<!-- This site is optimized with the Yoast SEO plugin v19.7.1 - https:\/\/yoast.com\/wordpress\/plugins\/seo\/ -->\n<title>Bandeja de acero(450\u00d7450 mm) - Ref. BC-06 | GUIL<\/title>\n<meta name=\"description\" content=\"Adaptador Bandeja para Elevadores - Ref. BC-06 Haz todas tus instalaciones de forma segura con nuestras elevadoras de carga y sus adaptadores.\" \/>\n<meta name=\"robots\" content=\"index, follow, max-snippet:-1, max-image-preview:large, max-video-preview:-1\" \/>\n<link rel=\"canonical\" href=\"https:\/\/guil.es\/lifters\/producto\/adaptador-bandeja-para-elevadores-ref-bc-06\/\" \/>\n<meta property=\"og:locale\" content=\"es_ES\" \/>\n<meta property=\"og:type\" content=\"article\" \/>\n<meta property=\"og:title\" content=\"Bandeja de acero(450\u00d7450 mm) - Ref. BC-06 | GUIL\" \/>\n<meta property=\"og:description\" content=\"Adaptador Bandeja para Elevadores - Ref. BC-06 Haz todas tus instalaciones de forma segura con nuestras elevadoras de carga y sus adaptadores.\" \/>\n<meta property=\"og:url\" content=\"https:\/\/guil.es\/lifters\/producto\/adaptador-bandeja-para-elevadores-ref-bc-06\/\" \/>\n<meta property=\"og:site_name\" content=\"GUIL\" \/>\n<meta property=\"article:publisher\" content=\"https:\/\/www.facebook.com\/GUIL-lifters-1595855663880679\/?ref=br_rs\" \/>\n<meta property=\"article:modified_time\" content=\"2026-03-12T08:10:34+00:00\" \/>\n<meta property=\"og:image\" content=\"https:\/\/guil.es\/lifters\/wp-content\/uploads\/2019\/05\/Bandeja-para-Elevador-de-Carga-BC-06-5.jpg\" \/>\n\t<meta property=\"og:image:width\" content=\"300\" \/>\n\t<meta property=\"og:image:height\" content=\"300\" \/>\n\t<meta property=\"og:image:type\" content=\"image\/jpeg\" \/>\n<meta name=\"twitter:card\" content=\"summary_large_image\" \/>\n<meta name=\"twitter:label1\" content=\"Tiempo de lectura\" \/>\n\t<meta name=\"twitter:data1\" content=\"1 minuto\" \/>\n<!-- \/ Yoast SEO plugin. -->","yoast_head_json":{"title":"Bandeja de acero(450\u00d7450 mm) - Ref. BC-06 | GUIL","description":"Adaptador Bandeja para Elevadores - Ref. BC-06 Haz todas tus instalaciones de forma segura con nuestras elevadoras de carga y sus adaptadores.","robots":{"index":"index","follow":"follow","max-snippet":"max-snippet:-1","max-image-preview":"max-image-preview:large","max-video-preview":"max-video-preview:-1"},"canonical":"https:\/\/guil.es\/lifters\/producto\/adaptador-bandeja-para-elevadores-ref-bc-06\/","og_locale":"es_ES","og_type":"article","og_title":"Bandeja de acero(450\u00d7450 mm) - Ref. BC-06 | GUIL","og_description":"Adaptador Bandeja para Elevadores - Ref. BC-06 Haz todas tus instalaciones de forma segura con nuestras elevadoras de carga y sus adaptadores.","og_url":"https:\/\/guil.es\/lifters\/producto\/adaptador-bandeja-para-elevadores-ref-bc-06\/","og_site_name":"GUIL","article_publisher":"https:\/\/www.facebook.com\/GUIL-lifters-1595855663880679\/?ref=br_rs","article_modified_time":"2026-03-12T08:10:34+00:00","og_image":[{"width":300,"height":300,"url":"https:\/\/guil.es\/lifters\/wp-content\/uploads\/2019\/05\/Bandeja-para-Elevador-de-Carga-BC-06-5.jpg","type":"image\/jpeg"}],"twitter_card":"summary_large_image","twitter_misc":{"Tiempo de lectura":"1 minuto"},"schema":{"@context":"https:\/\/schema.org","@graph":[{"@type":"WebPage","@id":"https:\/\/guil.es\/lifters\/producto\/adaptador-bandeja-para-elevadores-ref-bc-06\/","url":"https:\/\/guil.es\/lifters\/producto\/adaptador-bandeja-para-elevadores-ref-bc-06\/","name":"Bandeja de acero (450\u00d7450 mm) - Ref. BC-06 | GUIL","isPartOf":{"@id":"https:\/\/guil.es\/lifters\/#website"},"datePublished":"2019-05-22T14:23:10+00:00","dateModified":"2026-03-12T08:10:34+00:00","description":"Adaptador Bandeja para Elevadores - Ref. BC-06 Haz todas tus instalaciones de forma segura con nuestras elevadoras de carga y sus adaptadores.","breadcrumb":{"@id":"https:\/\/guil.es\/lifters\/producto\/adaptador-bandeja-para-elevadores-ref-bc-06\/#breadcrumb"},"inLanguage":"es","potentialAction":[{"@type":"ReadAction","target":["https:\/\/guil.es\/lifters\/producto\/adaptador-bandeja-para-elevadores-ref-bc-06\/"]}]},{"@type":"BreadcrumbList","@id":"https:\/\/guil.es\/lifters\/producto\/adaptador-bandeja-para-elevadores-ref-bc-06\/#breadcrumb","itemListElement":[{"@type":"ListItem","position":1,"name":"Portada","item":"https:\/\/guil.es\/lifters\/"},{"@type":"ListItem","position":2,"name":"Comparativa","item":"https:\/\/guil.es\/lifters\/comparativa\/"},{"@type":"ListItem","position":3,"name":"Bandeja de acero(450\u00d7450 mm)"}]},{"@type":"WebSite","@id":"https:\/\/guil.es\/lifters\/#website","url":"https:\/\/guil.es\/lifters\/","name":"GUIL","description":"Ingenier\u00eda para la industria","publisher":{"@id":"https:\/\/guil.es\/lifters\/#organization"},"potentialAction":[{"@type":"SearchAction","target":{"@type":"EntryPoint","urlTemplate":"https:\/\/guil.es\/lifters\/?s={search_term_string}"},"query-input":"required name=search_term_string"}],"inLanguage":"es"},{"@type":"Organization","@id":"https:\/\/guil.es\/lifters\/#organization","name":"GUIL","url":"https:\/\/guil.es\/lifters\/","sameAs":["https:\/\/www.linkedin.com\/company\/guil-lifters\/","https:\/\/www.youtube.com\/channel\/UCPO_ySVpLlTabFUBnqaL48w\/videos?view_as=subscriber","https:\/\/www.instagram.com\/guil_lifters\/","https:\/\/www.facebook.com\/GUIL-lifters-1595855663880679\/?ref=br_rs"],"logo":{"@type":"ImageObject","inLanguage":"es","@id":"https:\/\/guil.es\/lifters\/#\/schema\/logo\/image\/","url":"https:\/\/new.guil.es\/wp-content\/uploads\/2019\/05\/GUIL-TORO-Negro.jpg","contentUrl":"https:\/\/new.guil.es\/wp-content\/uploads\/2019\/05\/GUIL-TORO-Negro.jpg","width":2056,"height":498,"caption":"GUIL"},"image":{"@id":"https:\/\/guil.es\/lifters\/#\/schema\/logo\/image\/"}}]}},"_links":{"self":[{"href":"https:\/\/guil.es\/lifters\/wp-json\/wp\/v2\/product\/7307"}],"collection":[{"href":"https:\/\/guil.es\/lifters\/wp-json\/wp\/v2\/product"}],"about":[{"href":"https:\/\/guil.es\/lifters\/wp-json\/wp\/v2\/types\/product"}],"version-history":[{"count":1,"href":"https:\/\/guil.es\/lifters\/wp-json\/wp\/v2\/product\/7307\/revisions"}],"predecessor-version":[{"id":139401,"href":"https:\/\/guil.es\/lifters\/wp-json\/wp\/v2\/product\/7307\/revisions\/139401"}],"wp:featuredmedia":[{"embeddable":true,"href":"https:\/\/guil.es\/lifters\/wp-json\/wp\/v2\/media\/23549"}],"wp:attachment":[{"href":"https:\/\/guil.es\/lifters\/wp-json\/wp\/v2\/media?parent=7307"}],"wp:term":[{"taxonomy":"product_cat","embeddable":true,"href":"https:\/\/guil.es\/lifters\/wp-json\/wp\/v2\/product_cat?post=7307"},{"taxonomy":"product_tag","embeddable":true,"href":"https:\/\/guil.es\/lifters\/wp-json\/wp\/v2\/product_tag?post=7307"}],"curies":[{"name":"wp","href":"https:\/\/api.w.org\/{rel}","templated":true}]}}