{"id":7313,"date":"2019-05-22T17:08:02","date_gmt":"2019-05-22T15:08:02","guid":{"rendered":"https:\/\/guil-lifters.com\/?post_type=product&#038;p=7313"},"modified":"2026-03-12T09:15:01","modified_gmt":"2026-03-12T08:15:01","slug":"bandeja-para-elevadora-ref-bc-05","status":"publish","type":"product","link":"https:\/\/guil.es\/lifters\/producto\/bandeja-para-elevadora-ref-bc-05\/","title":{"rendered":"Bandeja plegable de aluminio<br>(750&#215;435 mm)"},"content":{"rendered":"","protected":false},"excerpt":{"rendered":"<p><span style=\"color: #000000;\"><strong>Bandeja para elevadora Ref. BC-05, fabricada en Aluminio con dise\u00f1o plegable.<\/strong><\/span><\/p>\n<p style=\"text-align: justify;\"><span style=\"color: #000000;\">\u25aa Ref. <strong>BC-05\/M<br \/>\n<\/strong><\/span><span style=\"color: #000000;\">Bandeja de aluminio con tubo de inserci\u00f3n de \u00d8 35 mm (macho), (dise\u00f1o plegable). Para elevadores de carga <span style=\"color: #ff0000;\"><a style=\"color: #ff0000;\" href=\"https:\/\/guil.es\/lifters\/producto\/elevador-de-carga-ref-elc-720\/\" target=\"_blank\" rel=\"noopener\">ELC-720<\/a>,\u00a0<a style=\"color: #ff0000;\" href=\"https:\/\/guil.es\/lifters\/producto\/elevador-de-carga-elc-630-r\/\" target=\"_blank\" rel=\"noopener\">ELC-730\/R<\/a><\/span><\/span>, <span style=\"color: #000000;\"><span style=\"color: #ff0000;\"><a href=\"https:\/\/guil.es\/lifters\/en\/products\/material-lifter-ref-elc-725\/\">ELC-725<\/a>, <a href=\"https:\/\/guil.es\/lifters\/en\/products\/material-lifter-with-tray-ref-elc-725-d\/\">ELC-725\/D<\/a><span style=\"color: #000000;\"> y<\/span> <a style=\"color: #ff0000;\" href=\"https:\/\/guil.es\/lifters\/producto\/elevador-carga-superior-ref-elc-755\/\" target=\"_blank\" rel=\"noopener\">ELC-755<\/a><\/span>\u00a0 &#8211; Peso Neto: 4,75 kg<\/span><br \/>\n<span style=\"color: #000000;\"><br \/>\nEl adaptador est\u00e1 fabricado en acero con acabado en pintura (EPOXI) antirrayadura.<br \/>\n&gt; Medidas bandeja plegada: 750 x 230 x 150 mm<\/span><br \/>\n<span style=\"color: #000000;\">&gt; Medidas bandeja desplegada: 750 x 435 x 140 mm<\/span><\/p>\n<p style=\"color: #333333; font-style: normal; text-align: justify;\"><span style=\"color: #000000;\">\u25aa Ref. <strong>BC-05\/H<br \/>\n<\/strong>Bandeja de aluminio para tubo de inserci\u00f3n de \u00d8 35 mm (hembra), (dise\u00f1o plegable). Para los elevadores de carga\u00a0<a style=\"color: #000000;\" href=\"https:\/\/guil.es\/lifters\/producto\/elc-700\/\" target=\"_blank\" rel=\"noopener\"><span style=\"color: #ff0000;\">ELC-700<\/span><\/a>\u00a0y <span style=\"color: #ff0000;\"><a style=\"color: #ff0000;\" href=\"https:\/\/guil.es\/lifters\/producto\/elevador-de-carga-elc-710\/\">ELC-710<\/a>\u00a0<\/span> &#8211; Peso Neto: 4,85 kg<br \/>\n<\/span><\/p>\n<p style=\"color: #333333; font-style: normal; text-align: justify;\"><span style=\"color: #000000;\">El adaptador est\u00e1 fabricado en acero con acabado en pintura (EPOXI) antirrayadura.<\/span><br \/>\n<span style=\"color: #000000;\">&gt; Medidas bandeja plegada: 750 x 230 x 150 mm<\/span><br \/>\n<span style=\"color: #000000;\">&gt; Medidas bandeja desplegada: 750 x 435 x 140 mm<\/span><\/p>\n<p style=\"color: #333333; font-style: normal; text-align: justify;\"><span style=\"color: #000000;\">Bandeja para elevadora Ref. BC-05 est\u00e1 fabricada en aluminio y es un complemento perfecto que todo profesional debe tener en cuenta. Siempre priorizando la seguridad en su trabajo y ofreciendo la m\u00e1xima calidad en todos nuestros fabricados.<\/span><\/p>\n<p><img loading=\"lazy\" class=\"aligncenter wp-image-23624\" src=\"https:\/\/guil.es\/lifters\/wp-content\/uploads\/2019\/05\/Instalacion-aire-acondicionado-elige-tu-elevador-720-730-1024x763.jpg\" alt=\"\" width=\"450\" height=\"335\" srcset=\"https:\/\/guil.es\/lifters\/wp-content\/uploads\/2019\/05\/Instalacion-aire-acondicionado-elige-tu-elevador-720-730-1024x763.jpg 1024w, https:\/\/guil.es\/lifters\/wp-content\/uploads\/2019\/05\/Instalacion-aire-acondicionado-elige-tu-elevador-720-730-300x224.jpg 300w, https:\/\/guil.es\/lifters\/wp-content\/uploads\/2019\/05\/Instalacion-aire-acondicionado-elige-tu-elevador-720-730-768x572.jpg 768w, https:\/\/guil.es\/lifters\/wp-content\/uploads\/2019\/05\/Instalacion-aire-acondicionado-elige-tu-elevador-720-730.jpg 1080w\" sizes=\"(max-width: 450px) 100vw, 450px\" \/><\/p>\n<p>&nbsp;<\/p>\n","protected":false},"featured_media":23598,"template":"","meta":[],"product_cat":[204,567,441,412,845,413,533],"product_tag":[540,542,564,541],"yoast_head":"<!-- This site is optimized with the Yoast SEO plugin v19.7.1 - https:\/\/yoast.com\/wordpress\/plugins\/seo\/ -->\n<title>Bandeja plegable de aluminio(750x435 mm) - Ref. BC-05 | GUIL<\/title>\n<meta name=\"description\" content=\"Bandeja de aluminio con tubo de inserci\u00f3n de \u00d8 35 mm (macho), (dise\u00f1o plegable). Para elevadores de carga\u00a0ELC-720,\u00a0ELC-730\/R\u00a0y\u00a0ELC-750.\" \/>\n<meta name=\"robots\" content=\"index, follow, max-snippet:-1, max-image-preview:large, max-video-preview:-1\" \/>\n<link rel=\"canonical\" href=\"https:\/\/guil.es\/lifters\/producto\/bandeja-para-elevadora-ref-bc-05\/\" \/>\n<meta property=\"og:locale\" content=\"es_ES\" \/>\n<meta property=\"og:type\" content=\"article\" \/>\n<meta property=\"og:title\" content=\"Bandeja plegable de aluminio(750x435 mm) - Ref. BC-05 | GUIL\" \/>\n<meta property=\"og:description\" content=\"Bandeja de aluminio con tubo de inserci\u00f3n de \u00d8 35 mm (macho), (dise\u00f1o plegable). Para elevadores de carga\u00a0ELC-720,\u00a0ELC-730\/R\u00a0y\u00a0ELC-750.\" \/>\n<meta property=\"og:url\" content=\"https:\/\/guil.es\/lifters\/producto\/bandeja-para-elevadora-ref-bc-05\/\" \/>\n<meta property=\"og:site_name\" content=\"GUIL\" \/>\n<meta property=\"article:publisher\" content=\"https:\/\/www.facebook.com\/GUIL-lifters-1595855663880679\/?ref=br_rs\" \/>\n<meta property=\"article:modified_time\" content=\"2026-03-12T08:15:01+00:00\" \/>\n<meta property=\"og:image\" content=\"https:\/\/guil.es\/lifters\/wp-content\/uploads\/2019\/05\/Bandeja-para-Elevador-de-Carga-BC-05.jpg\" \/>\n\t<meta property=\"og:image:width\" content=\"300\" \/>\n\t<meta property=\"og:image:height\" content=\"300\" \/>\n\t<meta property=\"og:image:type\" content=\"image\/jpeg\" \/>\n<meta name=\"twitter:card\" content=\"summary_large_image\" \/>\n<!-- \/ Yoast SEO plugin. -->","yoast_head_json":{"title":"Bandeja plegable de aluminio(750x435 mm) - Ref. BC-05 | GUIL","description":"Bandeja de aluminio con tubo de inserci\u00f3n de \u00d8 35 mm (macho), (dise\u00f1o plegable). Para elevadores de carga\u00a0ELC-720,\u00a0ELC-730\/R\u00a0y\u00a0ELC-750.","robots":{"index":"index","follow":"follow","max-snippet":"max-snippet:-1","max-image-preview":"max-image-preview:large","max-video-preview":"max-video-preview:-1"},"canonical":"https:\/\/guil.es\/lifters\/producto\/bandeja-para-elevadora-ref-bc-05\/","og_locale":"es_ES","og_type":"article","og_title":"Bandeja plegable de aluminio(750x435 mm) - Ref. BC-05 | GUIL","og_description":"Bandeja de aluminio con tubo de inserci\u00f3n de \u00d8 35 mm (macho), (dise\u00f1o plegable). Para elevadores de carga\u00a0ELC-720,\u00a0ELC-730\/R\u00a0y\u00a0ELC-750.","og_url":"https:\/\/guil.es\/lifters\/producto\/bandeja-para-elevadora-ref-bc-05\/","og_site_name":"GUIL","article_publisher":"https:\/\/www.facebook.com\/GUIL-lifters-1595855663880679\/?ref=br_rs","article_modified_time":"2026-03-12T08:15:01+00:00","og_image":[{"width":300,"height":300,"url":"https:\/\/guil.es\/lifters\/wp-content\/uploads\/2019\/05\/Bandeja-para-Elevador-de-Carga-BC-05.jpg","type":"image\/jpeg"}],"twitter_card":"summary_large_image","schema":{"@context":"https:\/\/schema.org","@graph":[{"@type":"WebPage","@id":"https:\/\/guil.es\/lifters\/producto\/bandeja-para-elevadora-ref-bc-05\/","url":"https:\/\/guil.es\/lifters\/producto\/bandeja-para-elevadora-ref-bc-05\/","name":"Bandeja plegable de aluminio (750x435 mm) - Ref. BC-05 | GUIL","isPartOf":{"@id":"https:\/\/guil.es\/lifters\/#website"},"datePublished":"2019-05-22T15:08:02+00:00","dateModified":"2026-03-12T08:15:01+00:00","description":"Bandeja de aluminio con tubo de inserci\u00f3n de \u00d8 35 mm (macho), (dise\u00f1o plegable). Para elevadores de carga\u00a0ELC-720,\u00a0ELC-730\/R\u00a0y\u00a0ELC-750.","breadcrumb":{"@id":"https:\/\/guil.es\/lifters\/producto\/bandeja-para-elevadora-ref-bc-05\/#breadcrumb"},"inLanguage":"es","potentialAction":[{"@type":"ReadAction","target":["https:\/\/guil.es\/lifters\/producto\/bandeja-para-elevadora-ref-bc-05\/"]}]},{"@type":"BreadcrumbList","@id":"https:\/\/guil.es\/lifters\/producto\/bandeja-para-elevadora-ref-bc-05\/#breadcrumb","itemListElement":[{"@type":"ListItem","position":1,"name":"Portada","item":"https:\/\/guil.es\/lifters\/"},{"@type":"ListItem","position":2,"name":"Comparativa","item":"https:\/\/guil.es\/lifters\/comparativa\/"},{"@type":"ListItem","position":3,"name":"Bandeja plegable de aluminio(750&#215;435 mm)"}]},{"@type":"WebSite","@id":"https:\/\/guil.es\/lifters\/#website","url":"https:\/\/guil.es\/lifters\/","name":"GUIL","description":"Ingenier\u00eda para la industria","publisher":{"@id":"https:\/\/guil.es\/lifters\/#organization"},"potentialAction":[{"@type":"SearchAction","target":{"@type":"EntryPoint","urlTemplate":"https:\/\/guil.es\/lifters\/?s={search_term_string}"},"query-input":"required name=search_term_string"}],"inLanguage":"es"},{"@type":"Organization","@id":"https:\/\/guil.es\/lifters\/#organization","name":"GUIL","url":"https:\/\/guil.es\/lifters\/","sameAs":["https:\/\/www.linkedin.com\/company\/guil-lifters\/","https:\/\/www.youtube.com\/channel\/UCPO_ySVpLlTabFUBnqaL48w\/videos?view_as=subscriber","https:\/\/www.instagram.com\/guil_lifters\/","https:\/\/www.facebook.com\/GUIL-lifters-1595855663880679\/?ref=br_rs"],"logo":{"@type":"ImageObject","inLanguage":"es","@id":"https:\/\/guil.es\/lifters\/#\/schema\/logo\/image\/","url":"https:\/\/new.guil.es\/wp-content\/uploads\/2019\/05\/GUIL-TORO-Negro.jpg","contentUrl":"https:\/\/new.guil.es\/wp-content\/uploads\/2019\/05\/GUIL-TORO-Negro.jpg","width":2056,"height":498,"caption":"GUIL"},"image":{"@id":"https:\/\/guil.es\/lifters\/#\/schema\/logo\/image\/"}}]}},"_links":{"self":[{"href":"https:\/\/guil.es\/lifters\/wp-json\/wp\/v2\/product\/7313"}],"collection":[{"href":"https:\/\/guil.es\/lifters\/wp-json\/wp\/v2\/product"}],"about":[{"href":"https:\/\/guil.es\/lifters\/wp-json\/wp\/v2\/types\/product"}],"version-history":[{"count":2,"href":"https:\/\/guil.es\/lifters\/wp-json\/wp\/v2\/product\/7313\/revisions"}],"predecessor-version":[{"id":139403,"href":"https:\/\/guil.es\/lifters\/wp-json\/wp\/v2\/product\/7313\/revisions\/139403"}],"wp:featuredmedia":[{"embeddable":true,"href":"https:\/\/guil.es\/lifters\/wp-json\/wp\/v2\/media\/23598"}],"wp:attachment":[{"href":"https:\/\/guil.es\/lifters\/wp-json\/wp\/v2\/media?parent=7313"}],"wp:term":[{"taxonomy":"product_cat","embeddable":true,"href":"https:\/\/guil.es\/lifters\/wp-json\/wp\/v2\/product_cat?post=7313"},{"taxonomy":"product_tag","embeddable":true,"href":"https:\/\/guil.es\/lifters\/wp-json\/wp\/v2\/product_tag?post=7313"}],"curies":[{"name":"wp","href":"https:\/\/api.w.org\/{rel}","templated":true}]}}

<p><span style="color: #000000;"><strong>Bandeja para elevadora Ref. BC-05, fabricada en Aluminio con diseño plegable.</strong></span></p>
<p style="text-align: justify;"><span style="color: #000000;">▪ Ref. <strong>BC-05/M<br />
</strong></span><span style="color: #000000;">Bandeja de aluminio con tubo de inserción de Ø 35 mm (macho), (diseño plegable). Para elevadores de carga <span style="color: #ff0000;"><a style="color: #ff0000;" href="https://guil.es/lifters/producto/elevador-de-carga-ref-elc-720/" target="_blank" rel="noopener">ELC-720</a>, <a style="color: #ff0000;" href="https://guil.es/lifters/producto/elevador-de-carga-elc-630-r/" target="_blank" rel="noopener">ELC-730/R</a></span></span>, <span style="color: #000000;"><span style="color: #ff0000;"><a href="https://guil.es/lifters/en/products/material-lifter-ref-elc-725/">ELC-725</a>, <a href="https://guil.es/lifters/en/products/material-lifter-with-tray-ref-elc-725-d/">ELC-725/D</a><span style="color: #000000;"> y</span> <a style="color: #ff0000;" href="https://guil.es/lifters/producto/elevador-carga-superior-ref-elc-755/" target="_blank" rel="noopener">ELC-755</a></span>  &#8211; Peso Neto: 4,75 kg</span><br />
<span style="color: #000000;"><br />
El adaptador está fabricado en acero con acabado en pintura (EPOXI) antirrayadura.<br />
&gt; Medidas bandeja plegada: 750 x 230 x 150 mm</span><br />
<span style="color: #000000;">&gt; Medidas bandeja desplegada: 750 x 435 x 140 mm</span></p>
<p style="color: #333333; font-style: normal; text-align: justify;"><span style="color: #000000;">▪ Ref. <strong>BC-05/H<br />
</strong>Bandeja de aluminio para tubo de inserción de Ø 35 mm (hembra), (diseño plegable). Para los elevadores de carga <a style="color: #000000;" href="https://guil.es/lifters/producto/elc-700/" target="_blank" rel="noopener"><span style="color: #ff0000;">ELC-700</span></a> y <span style="color: #ff0000;"><a style="color: #ff0000;" href="https://guil.es/lifters/producto/elevador-de-carga-elc-710/">ELC-710</a> </span> &#8211; Peso Neto: 4,85 kg<br />
</span></p>
<p style="color: #333333; font-style: normal; text-align: justify;"><span style="color: #000000;">El adaptador está fabricado en acero con acabado en pintura (EPOXI) antirrayadura.</span><br />
<span style="color: #000000;">&gt; Medidas bandeja plegada: 750 x 230 x 150 mm</span><br />
<span style="color: #000000;">&gt; Medidas bandeja desplegada: 750 x 435 x 140 mm</span></p>
<p style="color: #333333; font-style: normal; text-align: justify;"><span style="color: #000000;">Bandeja para elevadora Ref. BC-05 está fabricada en aluminio y es un complemento perfecto que todo profesional debe tener en cuenta. Siempre priorizando la seguridad en su trabajo y ofreciendo la máxima calidad en todos nuestros fabricados.</span></p>
<p><img loading="lazy" class="aligncenter wp-image-23624" src="https://guil.es/lifters/wp-content/uploads/2019/05/Instalacion-aire-acondicionado-elige-tu-elevador-720-730-1024x763.jpg" alt="" width="450" height="335" srcset="https://guil.es/lifters/wp-content/uploads/2019/05/Instalacion-aire-acondicionado-elige-tu-elevador-720-730-1024x763.jpg 1024w, https://guil.es/lifters/wp-content/uploads/2019/05/Instalacion-aire-acondicionado-elige-tu-elevador-720-730-300x224.jpg 300w, https://guil.es/lifters/wp-content/uploads/2019/05/Instalacion-aire-acondicionado-elige-tu-elevador-720-730-768x572.jpg 768w, https://guil.es/lifters/wp-content/uploads/2019/05/Instalacion-aire-acondicionado-elige-tu-elevador-720-730.jpg 1080w" sizes="(max-width: 450px) 100vw, 450px" /></p>
<p>&nbsp;</p>

<!-- This site is optimized with the Yoast SEO plugin v19.7.1 - https://yoast.com/wordpress/plugins/seo/ -->
<title>Bandeja plegable de aluminio(750x435 mm) - Ref. BC-05 | GUIL</title>
<meta name="description" content="Bandeja de aluminio con tubo de inserción de Ø 35 mm (macho), (diseño plegable). Para elevadores de carga ELC-720, ELC-730/R y ELC-750." />
<meta name="robots" content="index, follow, max-snippet:-1, max-image-preview:large, max-video-preview:-1" />
<link rel="canonical" href="https://guil.es/lifters/producto/bandeja-para-elevadora-ref-bc-05/" />
<meta property="og:locale" content="es_ES" />
<meta property="og:type" content="article" />
<meta property="og:title" content="Bandeja plegable de aluminio(750x435 mm) - Ref. BC-05 | GUIL" />
<meta property="og:description" content="Bandeja de aluminio con tubo de inserción de Ø 35 mm (macho), (diseño plegable). Para elevadores de carga ELC-720, ELC-730/R y ELC-750." />
<meta property="og:url" content="https://guil.es/lifters/producto/bandeja-para-elevadora-ref-bc-05/" />
<meta property="og:site_name" content="GUIL" />
<meta property="article:publisher" content="https://www.facebook.com/GUIL-lifters-1595855663880679/?ref=br_rs" />
<meta property="article:modified_time" content="2026-03-12T08:15:01+00:00" />
<meta property="og:image" content="https://guil.es/lifters/wp-content/uploads/2019/05/Bandeja-para-Elevador-de-Carga-BC-05.jpg" />
	<meta property="og:image:width" content="300" />
	<meta property="og:image:height" content="300" />
	<meta property="og:image:type" content="image/jpeg" />
<meta name="twitter:card" content="summary_large_image" />
<!-- / Yoast SEO plugin. -->

Bandeja de aluminio con tubo de inserción de Ø 35 mm (macho), (diseño plegable). Para elevadores de carga ELC-720, ELC-730/R y ELC-750.

Ingeniería para la industria
